{"id":9989,"date":"2017-02-26T17:14:28","date_gmt":"2017-02-26T17:14:28","guid":{"rendered":"http:\/\/www.pm10jaslo.pl\/?page_id=9989"},"modified":"2020-05-29T15:38:53","modified_gmt":"2020-05-29T15:38:53","slug":"instytucje-wspierajace-rodzine","status":"publish","type":"page","link":"https:\/\/www.pm10jaslo.pl\/?page_id=9989","title":{"rendered":"Instytucje wspieraj\u0105ce rodzin\u0119"},"content":{"rendered":"<hr>\n<p><strong><u>Miejski O\u015brodek Pomocy Spo\u0142ecznej w Ja\u015ble<\/u><\/strong><u><br><\/u>ul. Kochanowskiego 3<br>38-200 Jas\u0142o<br>fax: 13 44 64 328, e-mail: mopsjaslo@mopsjaslo.pl<\/p>\n<p><strong>&nbsp;MOPS <\/strong>realizuje zadania maj\u0105ce na celu udzielanie r\u00f3\u017cnego rodzaju wsparcia osobom lub rodzinom, w&nbsp;tym m.in. w formie pomocy finansowej, rzeczowej, poradnictwa specjalistycznego, itp.&nbsp;<\/p>\n<p><strong>&nbsp;Miejski O\u015brodek Pomocy Spo\u0142ecznej w Ja\u015ble udziela bezp\u0142atnego poradnictwa prawnego i psychologicznego szczeg\u00f3lnie&nbsp; dla rodziny prze\u017cywaj\u0105ce trudno\u015bci<br>w wype\u0142nianiu funkcji opieku\u0144czo &#8211; wychowawczych<\/strong><\/p>\n<table width=\"573\">\n<tbody>\n<tr>\n<td width=\"122\"><strong>Dzie\u0144 tygodnia<\/strong><\/td>\n<td width=\"103\"><strong>Godziny<\/strong><\/td>\n<td width=\"347\"><strong>Prowadzone zaj\u0119cia<\/strong><\/td>\n<\/tr>\n<tr>\n<td width=\"122\">Poniedzia\u0142ek\n<p>&nbsp;<\/p>\n<p>&nbsp;<\/p>\n<\/td>\n<td width=\"103\">16.00-18.00<\/td>\n<td width=\"347\">Zaj\u0119cia edukacyjne kierowane do os\u00f3b dotkni\u0119tych przemoc\u0105<br>&nbsp;w rodzinie w zakresie podstaw prawnych i zagadnie\u0144 psychologicznych<\/td>\n<\/tr>\n<tr>\n<td width=\"122\">&nbsp;<\/td>\n<td width=\"103\">16.00- 17.00<\/td>\n<td width=\"347\">Konsultacje spo\u0142eczne- wsp\u00f3\u0142praca z organizacjami pozarz\u0105dowymi<\/td>\n<\/tr>\n<tr>\n<td width=\"122\">Wtorek\n<p>&nbsp;<\/p>\n<p>&nbsp;<\/p>\n<\/td>\n<td width=\"103\">16.00- 18.00<\/td>\n<td width=\"347\">Poradnictwo prawne (dla ofiar i sprawc\u00f3w przemocy oraz kompleksowa pomoc prawna w problemach b\u0119d\u0105cych nast\u0119pstwem nadu\u017cywania alkoholu)<\/td>\n<\/tr>\n<tr>\n<td width=\"122\">\u015aroda<\/td>\n<td width=\"103\">9.15- 11.15<\/td>\n<td width=\"347\">Poradnictwo psychologiczne dla rodzin prze\u017cywaj\u0105cych trudno\u015bci w wype\u0142nianiu funkcji opieku\u0144czo- wychowawczej z terenu Jas\u0142a<\/td>\n<\/tr>\n<tr>\n<td width=\"122\">&nbsp;<\/td>\n<td width=\"103\">11.20- 13.20<\/td>\n<td width=\"347\">Poradnictwo prawne (dla klient\u00f3w MOPS)<\/td>\n<\/tr>\n<tr>\n<td width=\"122\">&nbsp;<\/td>\n<td width=\"103\">15.45-17.45<\/td>\n<td width=\"347\">Indywidualne konsultacje w zakresie oddzia\u0142ywa\u0144 terapeutycznych dla ofiar przemocy w rodzinie<\/td>\n<\/tr>\n<tr>\n<td width=\"122\">&nbsp;<\/td>\n<td width=\"103\">16.00-19.00<\/td>\n<td width=\"347\">Grupa edukacyjno-terapeutyczna dla wsp\u00f3\u0142uzale\u017cnionych<\/td>\n<\/tr>\n<tr>\n<td width=\"122\">Czwartek<\/td>\n<td width=\"103\">10.00- 12.00<\/td>\n<td width=\"347\">Poradnictwo dla rodzin b\u0119d\u0105cych w kryzysie<\/td>\n<\/tr>\n<tr>\n<td width=\"122\">&nbsp;<\/td>\n<td width=\"103\">12.00-14.00<\/td>\n<td width=\"347\">Terapia rodzin<\/td>\n<\/tr>\n<tr>\n<td width=\"122\">&nbsp;<\/td>\n<td width=\"103\">15.45- 17.45<\/td>\n<td width=\"347\">Mediacje (dla rodzin prze\u017cywaj\u0105cych trudno\u015bci w wype\u0142nianiu funkcji opieku\u0144czo- wychowawczych)<\/td>\n<\/tr>\n<\/tbody>\n<\/table>\n<hr>\n<p>Poradnictwo odbywa si\u0119 b\u0119dzie w budynku Miejskiego O\u015brodka Pomocy Spo\u0142ecznej w Ja\u015ble przy ulicy Kochanowskiego 3.<br><strong>Wszelkie dodatkowe informacje udzielane s\u0105 pod nr telefonu 13 446 43 28 13 446 43 28<\/strong><\/p>\n<hr>\n<p><strong><u>Poradnia Psychologiczno-Pedagogiczna w Ja\u015ble<\/u><\/strong><\/p>\n<p>S\u0142owackiego 6<br>38-200 Jas\u0142o<br>tel\/fax: 13 44 645 46<br><a href=\"mailto:pppjaslo@wp.pl\" target=\"_blank\" rel=\"noopener noreferrer\">pppjaslo@wp.pl<\/a><\/p>\n<p><strong>Poradnia prowadzi badania psychologiczne, pedagogiczne oraz logopedyczne oraz wydaje opinie w poni\u017cszych sprawach: <\/strong><\/p>\n<ul>\n<li>osi\u0105gni\u0119cia gotowo\u015bci szkolnej przez dziecko w wieku 6 lat, kt\u00f3re odbywa roczne przygotowanie przedszkolne poza przedszkolem albo oddzia\u0142em przedszkolnym<\/li>\n<li>wcze\u015bniejszego przyj\u0119cia dziecka do szko\u0142y podstawowej (dla dziecka, kt\u00f3re w danym roku kalendarzowym ko\u0144czy 6 lat)<\/li>\n<li>odroczenia rozpocz\u0119cia spe\u0142niania przez dziecko 7-letnie obowi\u0105zku szkolnego<\/li>\n<li>spe\u0142niania obowi\u0105zku rocznego przygotowania przedszkolnego przez dziecko w wieku 6 lat poza przedszkolem, oddzia\u0142em przedszkolnym lub inn\u0105 form\u0105 wychowania przedszkolnego<\/li>\n<li>spe\u0142niania przez dziecko obowi\u0105zku szkolnego lub obowi\u0105zku nauki poza szko\u0142\u0105<\/li>\n<li>zwolnienia ucznia z wad\u0105&nbsp; s\u0142uchu, z g\u0142\u0119bok\u0105 dysleksj\u0105 rozwojow\u0105, z afazj\u0105,&nbsp; z niepe\u0142nosprawno\u015bciami sprz\u0119\u017conymi lub z autyzmem, w tym z zespo\u0142em Aspergera<br>z nauki drugiego j\u0119zyka obcego<\/li>\n<li>obj\u0119cia ucznia nauk\u0105 w klasie terapeutycznej<\/li>\n<li>dostosowania wymaga\u0144 edukacyjnych do indywidualnych potrzeb rozwojowych i edukacyjnych oraz mo\u017cliwo\u015bci psychofizycznych ucznia<\/li>\n<li>dostosowania warunk\u00f3w sprawdzianu, egzaminu gimnazjalnego, egzaminu maturalnego, egzaminu potwierdzaj\u0105cego kwalifikacje zawodowe do indywidualnych potrzeb edukacyjnych i mo\u017cliwo\u015bci psychofizycznych ucznia ze specyficznymi trudno\u015bciami w uczeniu si\u0119<\/li>\n<li>udzielenia zezwolenia na indywidualny program lub tok nauki<\/li>\n<li>przyj\u0119cia ucznia gimnazjum do oddzia\u0142u przysposabiaj\u0105cego do pracy<\/li>\n<li>udzielenia zezwolenia na zatrudnienie m\u0142odocianych, kt\u00f3ry nie uko\u0144czyli gimnazjum, os\u00f3b niemaj\u0105cych 16 lat, kt\u00f3re uko\u0144czy\u0142y gimnazjum, oraz os\u00f3b niemaj\u0105cych 16 lat, kt\u00f3re nie uko\u0144czy\u0142y gimnazjum<\/li>\n<li>opinia dotycz\u0105ca braku przeciwwskaza\u0144 do wykonywania przez dziecko pracy lub innych zaj\u0119\u0107 zarobkowych<\/li>\n<li>udzia\u0142u w indywidualnych lub grupowych zaj\u0119ciach specjalistycznych&nbsp; w zakresie terapii pedagogicznej, zaj\u0119ciach rewalidacyjnych, usprawniaj\u0105cych ruchowo, profilaktyki spo\u0142ecznej i resocjalizacji, przygotowuj\u0105cych dzieci i m\u0142odzie\u017c do samodzielno\u015bci w \u017cyciu spo\u0142ecznym w specjalnym o\u015brodku szkolno-wychowawczym<\/li>\n<li>obj\u0119cia dziecka pomoc\u0105 psychologiczno-pedagogiczn\u0105 w przedszkolu<\/li>\n<li>obj\u0119cia dziecka pomoc\u0105 psychologiczno-pedagogiczn\u0105 w szkole lub plac\u00f3wce<\/li>\n<li>inne opinie o przebadanych<\/li>\n<li>informacje o wynikach diagnozy<\/li>\n<li>oceny psychologiczne<\/li>\n<\/ul>\n<p><strong>Dzia\u0142ania podejmowane przez Poradni\u0119 Psychologiczno \u2013 Pedagogiczn\u0105<br>w Ja\u015ble, na rzecz wsparcia rozwoju ucznia zdolnego:<\/strong><\/p>\n<p>Wspieranie uczni\u00f3w uzdolnionych w formach grupowych jak i zindywidualizowanej pomocy:<\/p>\n<ul>\n<li>prowadzenie na terenie szk\u00f3\u0142 powiatu jasielskiego warsztat\u00f3w pt.: \u201eTrening tw\u00f3rczego my\u015blenia\u201d, \u201eMy\u015bl\u0119 tw\u00f3rczo. Jestem kreatywny\u201d, \u201eTw\u00f3rcze my\u015blenie \u2013 dobr\u0105 prognoz\u0105 na przysz\u0142o\u015b\u0107\u201d oraz warsztat\u00f3w dotycz\u0105cych wyboru dalszej drogi kszta\u0142cenia<\/li>\n<li>w przypadku ewentualnych problem\u00f3w uczniowie, uzyskuj\u0105 pomoc w postaci indywidualnej terapii psychologicznej b\u0105d\u017a pedagogicznej<\/li>\n<li>opiniowanie wniosk\u00f3w o obj\u0119cie ucznia indywidualnym tokiem lub programem nauki<\/li>\n<li>poradnictwo dla rodzic\u00f3w skoncentrowane na rozpoznawanie zdolno\u015bci<br>&nbsp;mocnych stron dziecka, udzielanie wskaz\u00f3wek do pracy w domu, a tak\u017ce formowania prawid\u0142owych relacji rodzinnych<\/li>\n<li>konsultacje dla os\u00f3b zainteresowanych wspieraniem rozwoju dziecka zdolnego (nauczyciele, wychowawcy, instruktorzy). Konsultacje dotycz\u0105 konstruowania indywidualnych dzia\u0142a\u0144 wspieraj\u0105cych, a tak\u017ce sposob\u00f3w kszta\u0142towania u uczni\u00f3w zdolno\u015bci my\u015blenia innowacyjnego i kreatywnego dzia\u0142ania<\/li>\n<li>prowadzenie szkole\u0144 i udzia\u0142 w konferencjach dotycz\u0105cych specyfiki pracy z uczniem zdolnym<\/li>\n<li>gromadzenie wszelkich informacji na temat uczni\u00f3w zdolnych i udzielanie ich zainteresowanym osobom (rozwi\u0105zania prawne, programy, formy edukacji, literatura<br>i inne).<\/li>\n<\/ul>\n<p><strong>Zesp\u00f3\u0142 Orzekaj\u0105cy dzia\u0142aj\u0105cy w poradni wydaje orzeczenia oraz opinie:<\/strong><\/p>\n<ul>\n<li>orzeczenia o potrzebie kszta\u0142cenia specjalnego dla dzieci i&nbsp; m\u0142odzie\u017cy niepe\u0142nosprawnych, niedostosowanych spo\u0142ecznie oraz zagro\u017conych niedostosowaniem spo\u0142ecznym<\/li>\n<li>orzeczenia o potrzebie indywidualnego obowi\u0105zkowego rocznego przygotowania przedszkolnego<\/li>\n<li>orzeczenia o potrzebie indywidualnego nauczania dzieci i m\u0142odzie\u017cy<\/li>\n<li>orzeczenia&nbsp;o potrzebie zaj\u0119\u0107 rewalidacyjno \u2013 wychowawczych dla dzieci niepe\u0142nosprawnych intelektulanie w stopniu g\u0142\u0119bokim<\/li>\n<li>opinie o potrzebie wczesnego wspomagania rozwoju dziecka.<\/li>\n<\/ul>\n<p><strong>Procedury ubiegania si\u0119 o wydanie orzeczenia <\/strong><\/p>\n<ul>\n<li><strong>W ramach terapii i profilaktyki proponujemy:<\/strong><\/li>\n<li>terapi\u0119 pedagogiczn\u0105<\/li>\n<li>psychoterapi\u0119.<\/li>\n<\/ul>\n<hr>\n<p><strong><u>Powiatowe Centrum Pomocy Rodzinie w Ja\u015ble<\/u><\/strong><\/p>\n<div>ul. Rynek 18<\/div>\n<div>38-200 Jas\u0142o<\/div>\n<div>Tel\/fax 013 44834-40<\/div>\n<div>e-mail:<\/div>\n<div>pcprjaslo@pcprjaslo.info<\/div>\n<div>pcpr@jaslo.mojbip.pl<br>pcpr@pcprjaslo.info<\/div>\n<div>&nbsp;<\/div>\n<div>Godziny pracy:<\/div>\n<div>poniedzia\u0142ek: 7.30 &#8211; 17.00<\/div>\n<div>wtorek-pi\u0105tek: 7.30 &#8211; 15.30<\/div>\n<div>&nbsp;<\/div>\n<p>Powiatowe Centrum Pomocy Rodzinie w Ja\u015ble realizuje zadania w oparciu o przepisy Ustawy z dnia 12 marca 2004 r. o pomocy spo\u0142ecznej oraz Ustawy z dnia 27 sierpnia 1997 r. o rehabilitacji zawodowej i spo\u0142ecznej oraz zatrudnianiu os\u00f3b niepe\u0142nosprawnych.<\/p>\n<p><u>Najwa\u017cniejsze zadania z zakresu ustawy o pomocy spo\u0142ecznej to:<br><\/u><br>1. Opracowanie i realizacja powiatowej strategii rozwi\u0105zywania problem\u00f3w spo\u0142ecznych.<br>2. Prowadzenie specjalistycznego poradnictwa.<br>3. Organizowanie i finansowanie opieki w rodzinach zast\u0119pczych oraz plac\u00f3wkach opieku\u0144czo-wychowawczych.<br>4. Przyznawanie pomocy pieni\u0119\u017cnej na usamodzielnienie oraz na kontynuowanie nauki osobom opuszczaj\u0105cym plac\u00f3wki opieku\u0144czo-wychowawcze oraz rodziny zast\u0119pcze.<br>5. Prowadzenie i rozw\u00f3j infrastruktury dom\u00f3w pomocy spo\u0142ecznej o zasi\u0119gu ponadgminnym oraz umieszczanie w nich skierowanych os\u00f3b.<br>6. Prowadzenie o\u015brodk\u00f3w interwencji kryzysowej.<\/p>\n<hr>\n<p><strong><u>Jednostki przyjmuj\u0105ce zg\u0142oszenia o przemocy w rodzinie znajduj\u0105ce si\u0119 w naszym mie\u015bcie:<\/u><\/strong><\/p>\n<ul>\n<li><strong>Szpital Specjalistyczny w Ja\u015ble <\/strong> Lwowska 22, 38-200 Jas\u0142o, tel. 13 44 62 041<\/li>\n<li><strong>O\u015brodek Pomocy Rodzinie i Szkole ,,Arka M\u0142odych\u201d, <\/strong> Krasi\u0144skiego 4, 38- 200 Jas\u0142o, tel.13 44 63 381<\/li>\n<li><strong>Komenda Powiatowa Policji w Ja\u015ble, <\/strong> Ko\u015bciuszki 26<\/li>\n<\/ul>\n<p>&nbsp;&nbsp;&nbsp;&nbsp;&nbsp;&nbsp;&nbsp;&nbsp;&nbsp;&nbsp; &#8211; <strong>Oficer Dy\u017curny<\/strong> tel. 13 44 38 310<\/p>\n<p><strong>&nbsp;&nbsp;&nbsp;&nbsp;&nbsp;&nbsp;&nbsp;&nbsp;&nbsp;&nbsp; <\/strong>&#8211;<strong> Pogotowie Policji<\/strong> 997<\/p>\n<p><strong>&nbsp;&nbsp;&nbsp;&nbsp;&nbsp;&nbsp;&nbsp;&nbsp;&nbsp;&nbsp; <\/strong>&#8211;<strong> Rewir Dzielnicowych<\/strong> w Ja\u015ble 13 44 38 342<\/p>\n<ul>\n<li><strong>Telefon zaufania<\/strong> 13 44 38 370<\/li>\n<li><strong>Poradnia Psychologiczno- Pedagogiczna w Ja\u015ble,<\/strong> ul Szkolna 21A, tel. 13 44 64 546<\/li>\n<li><strong>Prokuratura Rejonowa w Ja\u015ble<\/strong>, ul. Armii Krajowej 3, tel. 13 44 62 683<\/li>\n<li><strong>Powiatowe Centrum Pomocy Rodzinie w Ja\u015ble<\/strong>, ul. Rynek 18,tel. 13 44 83 440<\/li>\n<li><strong>S\u0105d Rejonowy w Ja\u015ble <\/strong> Armii Krajowej 3, tel. 13 44 62 088<\/li>\n<li><strong>Miejski O\u015brodek Pomocy Spo\u0142ecznej w Ja\u015ble<\/strong> Kochanowskiego 3, tel. 13 44 64 328<\/li>\n<li><strong>Miejska Komisja Rozwi\u0105zywania Problem\u00f3w Alkoholowych w Ja\u015ble<\/strong> Dworcowa 10, tel. 13 44 64 714<\/li>\n<li><strong>O\u015brodek Interwencji Kryzysowej w Ja\u015ble,<\/strong> ul Szkolna 21, tel. 13 44 85 838<\/li>\n<li><strong>Urz\u0105d Miasta w Ja\u015ble, Wydzia\u0142 O\u015bwiaty<\/strong>, ul. Rynek 12, tel. 13 44 86&nbsp;334<\/li>\n<\/ul>\n<p><strong>Przydatne linki:<\/strong><strong><br><a href=\"http:\/\/www.jaslo.pl\" target=\"_blank\" rel=\"noopener noreferrer\">www.jaslo.pl<\/a><\/strong><br><strong><a href=\"http:\/\/www.niebieskalinia.pl\" target=\"_blank\" rel=\"noopener noreferrer\">www.niebieskalinia.pl<\/a><\/strong><br><strong><a href=\"http:\/\/www.podkarpacka.policja.gov.pl\" target=\"_blank\" rel=\"noopener noreferrer\">www.policja.gov.pl<\/a><\/strong><strong><br><a href=\"http:\/\/www.pcprjaslo.info\" target=\"_blank\" rel=\"noopener noreferrer\">www.pcprjaslo.info<\/a><br><a href=\"http:\/\/www.jaslo.sr.gov.pl\" target=\"_blank\" rel=\"noopener noreferrer\">www.jaslo.sr.gov.pl<br><\/a><a href=\"http:\/\/www.parpa.pl\" target=\"_blank\" rel=\"noopener noreferrer\">www.parpa.pl<br><\/a><a href=\"http:\/\/www.mopsjaslo.pl\" target=\"_blank\" rel=\"noopener noreferrer\">www.mopsjaslo.pl<br><\/a><a href=\"http:\/\/www.centrumprofilaktyki-jaslo.pl\/\" target=\"_blank\" rel=\"noopener noreferrer\">www.centrumprofilaktyki-jaslo.pl<\/a><\/strong><a href=\"http:\/\/www.centrumprofilaktyki-jaslo.pl\/\"><br><\/a><\/p>\n\n\n<hr class=\"wp-block-separator\"\/>\n\n\n\n<figure class=\"wp-block-image size-large\"><img loading=\"lazy\" decoding=\"async\" width=\"666\" height=\"1024\" src=\"http:\/\/www.pm10jaslo.pl\/wp-content\/uploads\/2020\/05\/101059464_591870648377375_8706619881245638656_n-666x1024.jpg\" alt=\"\" class=\"wp-image-18102\" srcset=\"https:\/\/www.pm10jaslo.pl\/wp-content\/uploads\/2020\/05\/101059464_591870648377375_8706619881245638656_n-666x1024.jpg 666w, https:\/\/www.pm10jaslo.pl\/wp-content\/uploads\/2020\/05\/101059464_591870648377375_8706619881245638656_n-195x300.jpg 195w, https:\/\/www.pm10jaslo.pl\/wp-content\/uploads\/2020\/05\/101059464_591870648377375_8706619881245638656_n-768x1181.jpg 768w, https:\/\/www.pm10jaslo.pl\/wp-content\/uploads\/2020\/05\/101059464_591870648377375_8706619881245638656_n-999x1536.jpg 999w, https:\/\/www.pm10jaslo.pl\/wp-content\/uploads\/2020\/05\/101059464_591870648377375_8706619881245638656_n-98x150.jpg 98w, https:\/\/www.pm10jaslo.pl\/wp-content\/uploads\/2020\/05\/101059464_591870648377375_8706619881245638656_n.jpg 1169w\" sizes=\"auto, (max-width: 666px) 100vw, 666px\" \/><\/figure>\n","protected":false},"excerpt":{"rendered":"<p>Miejski O\u015brodek Pomocy Spo\u0142ecznej w Ja\u015bleul. Kochanowskiego 338-200 Jas\u0142ofax: 13 44 64 328, e-mail: mopsjaslo@mopsjaslo.pl &nbsp;MOPS realizuje zadania maj\u0105ce na celu udzielanie r\u00f3\u017cnego rodzaju wsparcia osobom lub rodzinom, w&nbsp;tym m.in. w formie pomocy finansowej, rzeczowej, poradnictwa specjalistycznego, itp.&nbsp; &nbsp;Miejski O\u015brodek Pomocy Spo\u0142ecznej w Ja\u015ble udziela bezp\u0142atnego poradnictwa prawnego i psychologicznego\u2026 <a class=\"continue-reading-link\" href=\"https:\/\/www.pm10jaslo.pl\/?page_id=9989\">Czytaj dalej<\/a><\/p>\n","protected":false},"author":1,"featured_media":0,"parent":0,"menu_order":0,"comment_status":"closed","ping_status":"closed","template":"","meta":{"ngg_post_thumbnail":0,"footnotes":""},"class_list":["post-9989","page","type-page","status-publish","hentry"],"_links":{"self":[{"href":"https:\/\/www.pm10jaslo.pl\/index.php?rest_route=\/wp\/v2\/pages\/9989","targetHints":{"allow":["GET"]}}],"collection":[{"href":"https:\/\/www.pm10jaslo.pl\/index.php?rest_route=\/wp\/v2\/pages"}],"about":[{"href":"https:\/\/www.pm10jaslo.pl\/index.php?rest_route=\/wp\/v2\/types\/page"}],"author":[{"embeddable":true,"href":"https:\/\/www.pm10jaslo.pl\/index.php?rest_route=\/wp\/v2\/users\/1"}],"replies":[{"embeddable":true,"href":"https:\/\/www.pm10jaslo.pl\/index.php?rest_route=%2Fwp%2Fv2%2Fcomments&post=9989"}],"version-history":[{"count":17,"href":"https:\/\/www.pm10jaslo.pl\/index.php?rest_route=\/wp\/v2\/pages\/9989\/revisions"}],"predecessor-version":[{"id":18104,"href":"https:\/\/www.pm10jaslo.pl\/index.php?rest_route=\/wp\/v2\/pages\/9989\/revisions\/18104"}],"wp:attachment":[{"href":"https:\/\/www.pm10jaslo.pl\/index.php?rest_route=%2Fwp%2Fv2%2Fmedia&parent=9989"}],"curies":[{"name":"wp","href":"https:\/\/api.w.org\/{rel}","templated":true}]}}