{"id":59,"date":"2015-01-15T18:59:43","date_gmt":"2015-01-15T18:59:43","guid":{"rendered":"http:\/\/www.pm10jaslo.pl\/?page_id=59"},"modified":"2025-06-08T18:50:47","modified_gmt":"2025-06-08T18:50:47","slug":"promocja-zdrowia","status":"publish","type":"page","link":"https:\/\/www.pm10jaslo.pl\/?page_id=59","title":{"rendered":"Promocja zdrowia"},"content":{"rendered":"<p><img loading=\"lazy\" decoding=\"async\" class=\"size-full wp-image-20101 alignleft\" src=\"http:\/\/www.pm10jaslo.pl\/wp-content\/uploads\/2022\/09\/Logo-dobre.jpg\" alt=\"\" width=\"116\" height=\"57\"><a href=\"https:\/\/www.pm10jaslo.pl\/?page_id=20069\" target=\"_blank\" rel=\"noopener\"><strong>TYDZIE\u0143 DLA PROFILAKTYKI CHOR\u00d3B ZAKA\u0179NYCH<\/strong><\/a><\/p>\n\n\n<hr class=\"wp-block-separator has-alpha-channel-opacity\"\/>\n\n\n<p><img loading=\"lazy\" decoding=\"async\" class=\"size-full wp-image-22005 alignleft\" src=\"http:\/\/www.pm10jaslo.pl\/wp-content\/uploads\/2025\/06\/myje-rece.jpg\" alt=\"\" width=\"135\" height=\"57\"><strong><a href=\"http:\/\/www.pm10jaslo.pl\/wp-content\/uploads\/2025\/06\/Realizacja-programu-Myje-rece-1.pdf\" target=\"_blank\" rel=\"noopener\">MYJ\u0118 R\u0118CE, BO WIEM WI\u0118CEJ<\/a><\/strong><\/p>\n\n\n<hr class=\"wp-block-separator has-alpha-channel-opacity\"\/>\n\n\n<p><img loading=\"lazy\" decoding=\"async\" class=\"size-full wp-image-22011 alignleft\" src=\"http:\/\/www.pm10jaslo.pl\/wp-content\/uploads\/2025\/06\/zdrowo-jem.jpg\" alt=\"\" width=\"106\" height=\"57\"><a href=\"http:\/\/www.pm10jaslo.pl\/wp-content\/uploads\/2025\/06\/PROJEKT-ZDROWO-JEM-WIECEJ-WIEM-2021.pdf\" target=\"_blank\" rel=\"noopener\"><strong>ZDROWO JEM, WI\u0118CEJ WIEM<\/strong><\/a><\/p>\n\n\n<hr class=\"wp-block-separator has-alpha-channel-opacity\"\/>\n\n\n<p><img loading=\"lazy\" decoding=\"async\" class=\"size-full wp-image-22016 alignleft\" src=\"http:\/\/www.pm10jaslo.pl\/wp-content\/uploads\/2025\/06\/mt.jpg\" alt=\"\" width=\"171\" height=\"57\" srcset=\"https:\/\/www.pm10jaslo.pl\/wp-content\/uploads\/2025\/06\/mt.jpg 171w, https:\/\/www.pm10jaslo.pl\/wp-content\/uploads\/2025\/06\/mt-150x50.jpg 150w\" sizes=\"auto, (max-width: 171px) 100vw, 171px\" \/><strong><a href=\"http:\/\/www.pm10jaslo.pl\/wp-content\/uploads\/2018\/05\/Raport_konkursu_Swieto_Wody_i_Zdrojka-2018_r..pdf\" target=\"_blank\" rel=\"noopener\">MAMO, TATO, WOL\u0118 WOD\u0118<\/a><\/strong><\/p>\n\n\n<hr class=\"wp-block-separator has-alpha-channel-opacity\"\/>\n\n\n<p><img loading=\"lazy\" decoding=\"async\" class=\"size-full wp-image-22019 alignleft\" src=\"http:\/\/www.pm10jaslo.pl\/wp-content\/uploads\/2025\/06\/rswr.jpg\" alt=\"\" width=\"148\" height=\"57\"><a href=\"https:\/\/www.pm10jaslo.pl\/?page_id=190\" target=\"_blank\" rel=\"noopener\"><strong>\u0106WICZY\u0106 KA\u017bDY MO\u017bE<\/strong><\/a><\/p>\n\n\n<hr class=\"wp-block-separator has-alpha-channel-opacity\"\/>\n\n\n<p><img loading=\"lazy\" decoding=\"async\" class=\"size-full wp-image-22022 alignleft\" src=\"http:\/\/www.pm10jaslo.pl\/wp-content\/uploads\/2025\/06\/cpwn.jpg\" alt=\"\" width=\"79\" height=\"57\"><a href=\"http:\/\/www.pm10jaslo.pl\/wp-content\/uploads\/2025\/06\/CZYSTE-POWIETRZE-WOKOL-NAS-nowe.pdf\" target=\"_blank\" rel=\"noopener\"><strong>CZYSTE POWIETRZE WOK\u00d3\u0141 NAS<\/strong><\/a><\/p>\n\n\n<hr class=\"wp-block-separator has-alpha-channel-opacity\"\/>\n\n\n<p><img loading=\"lazy\" decoding=\"async\" class=\"size-full wp-image-22026 alignleft\" src=\"http:\/\/www.pm10jaslo.pl\/wp-content\/uploads\/2025\/06\/kw.jpg\" alt=\"\" width=\"52\" height=\"57\"><strong><a href=\"http:\/\/www.pm10jaslo.pl\/wp-content\/uploads\/2025\/06\/Klub-Wiewiorka-2.pdf\" target=\"_blank\" rel=\"noopener\">KLUB WIEWI\u00d3RKA<\/a><\/strong><\/p>\n\n\n<hr class=\"wp-block-separator has-alpha-channel-opacity\"\/>\n\n\n<p><img loading=\"lazy\" decoding=\"async\" class=\"size-full wp-image-22033 alignleft\" src=\"http:\/\/www.pm10jaslo.pl\/wp-content\/uploads\/2025\/06\/azp.jpg\" alt=\"\" width=\"99\" height=\"57\"><strong><a href=\"http:\/\/www.pm10jaslo.pl\/wp-content\/uploads\/2025\/06\/5_Akademia.pdf\" target=\"_blank\" rel=\"noopener\">AKADEMIA ZDROWEGO PRZEDSZKOLAKA<\/a><\/strong><\/p>\n\n\n<hr class=\"wp-block-separator has-alpha-channel-opacity\"\/>\n\n\n<p><a href=\"http:\/\/www.pm10jaslo.pl\/wp-content\/uploads\/2025\/06\/spr_-uczymy-sie-o-jedz-eko.pdf\" target=\"_blank\" rel=\"noopener\"><strong>Sprawozdanie z akcji &#8222;Uczymy si\u0119 o jedzeniu ekologicznym&#8221;<\/strong><\/a><\/p>\n\n\n<hr class=\"wp-block-separator has-alpha-channel-opacity\"\/>\n\n\n<p><img loading=\"lazy\" decoding=\"async\" class=\"alignleft wp-image-22041\" src=\"http:\/\/www.pm10jaslo.pl\/wp-content\/uploads\/2025\/06\/logo.jpg\" alt=\"\" width=\"70\" height=\"56\" srcset=\"https:\/\/www.pm10jaslo.pl\/wp-content\/uploads\/2025\/06\/logo.jpg 189w, https:\/\/www.pm10jaslo.pl\/wp-content\/uploads\/2025\/06\/logo-150x119.jpg 150w\" sizes=\"auto, (max-width: 70px) 100vw, 70px\" \/><a href=\"https:\/\/www.pm10jaslo.pl\/?page_id=2585\" target=\"_blank\" rel=\"noopener\"><strong>KUBUSIOWI PRZYJACIELE NATURY<\/strong><\/a><\/p>\n\n\n<hr class=\"wp-block-separator has-alpha-channel-opacity\"\/>\n\n\n<p><img loading=\"lazy\" decoding=\"async\" class=\"alignleft wp-image-22045\" src=\"http:\/\/www.pm10jaslo.pl\/wp-content\/uploads\/2025\/06\/bezp-dziecko.jpg\" alt=\"\" width=\"60\" height=\"59\" srcset=\"https:\/\/www.pm10jaslo.pl\/wp-content\/uploads\/2025\/06\/bezp-dziecko.jpg 201w, https:\/\/www.pm10jaslo.pl\/wp-content\/uploads\/2025\/06\/bezp-dziecko-150x148.jpg 150w, https:\/\/www.pm10jaslo.pl\/wp-content\/uploads\/2025\/06\/bezp-dziecko-152x150.jpg 152w\" sizes=\"auto, (max-width: 60px) 100vw, 60px\" \/><strong><a href=\"http:\/\/www.pm10jaslo.pl\/wp-content\/uploads\/2015\/03\/Bezpieczne-dziecko-bezpieczne-przedszkole.pdf\" target=\"_blank\" rel=\"noopener\">BEZPIECZNE DZIECKO &#8211; BEZPIECZNE PRZEDSZKOLE<\/a><\/strong><\/p>\n\n\n<hr class=\"wp-block-separator has-alpha-channel-opacity\"\/>\n\n\n<p><img loading=\"lazy\" decoding=\"async\" class=\"size-full wp-image-22048 alignleft\" src=\"http:\/\/www.pm10jaslo.pl\/wp-content\/uploads\/2025\/06\/Przedszkole-zdrowego-zywienia.jpg\" alt=\"\" width=\"161\" height=\"57\" srcset=\"https:\/\/www.pm10jaslo.pl\/wp-content\/uploads\/2025\/06\/Przedszkole-zdrowego-zywienia.jpg 161w, https:\/\/www.pm10jaslo.pl\/wp-content\/uploads\/2025\/06\/Przedszkole-zdrowego-zywienia-150x53.jpg 150w\" sizes=\"auto, (max-width: 161px) 100vw, 161px\" \/><strong><a href=\"http:\/\/www.pm10jaslo.pl\/wp-content\/uploads\/2025\/06\/Sprawozdanie-Przedszkole-zdrowego-zywienia.pdf\" target=\"_blank\" rel=\"noopener\">PRZEDSZKOLE ZDROWEGO \u017bYWIENIA<\/a><\/strong><\/p>\n\n\n<hr class=\"wp-block-separator has-alpha-channel-opacity\"\/>\n\n\n<p><img loading=\"lazy\" decoding=\"async\" class=\"alignleft wp-image-22055\" src=\"http:\/\/www.pm10jaslo.pl\/wp-content\/uploads\/2025\/06\/SSBPE.jpg\" alt=\"\" width=\"200\" height=\"71\" srcset=\"https:\/\/www.pm10jaslo.pl\/wp-content\/uploads\/2025\/06\/SSBPE.jpg 161w, https:\/\/www.pm10jaslo.pl\/wp-content\/uploads\/2025\/06\/SSBPE-150x53.jpg 150w\" sizes=\"auto, (max-width: 200px) 100vw, 200px\" \/><a href=\"http:\/\/www.pm10jaslo.pl\/wp-content\/uploads\/2025\/06\/Skad-sie-biora-produkty-ekologiczne-2021.pdf\" target=\"_blank\" rel=\"noopener\"><strong>SK\u0104D SI\u0118 BIOR\u0104 PRODUKTY EKOLOGICZNE?<\/strong><\/a><\/p>\n\n\n<hr class=\"wp-block-separator has-alpha-channel-opacity\"\/>\n\n\n<p><img loading=\"lazy\" decoding=\"async\" class=\"size-full wp-image-22061 alignleft\" src=\"http:\/\/www.pm10jaslo.pl\/wp-content\/uploads\/2025\/06\/dziel-sie-usmiechem.jpg\" alt=\"\" width=\"65\" height=\"59\"><a href=\"http:\/\/www.pm10jaslo.pl\/wp-content\/uploads\/2025\/06\/Dziel-sie-usmiechem.pdf\" target=\"_blank\" rel=\"noopener\"><strong>DZIEL SI\u0118 USMIECHEM<\/strong><\/a><\/p>","protected":false},"excerpt":{"rendered":"<p>TYDZIE\u0143 DLA PROFILAKTYKI CHOR\u00d3B ZAKA\u0179NYCH MYJ\u0118 R\u0118CE, BO WIEM WI\u0118CEJ ZDROWO JEM, WI\u0118CEJ WIEM MAMO, TATO, WOL\u0118 WOD\u0118 \u0106WICZY\u0106 KA\u017bDY MO\u017bE CZYSTE POWIETRZE WOK\u00d3\u0141 NAS KLUB WIEWI\u00d3RKA AKADEMIA ZDROWEGO PRZEDSZKOLAKA Sprawozdanie z akcji &#8222;Uczymy si\u0119 o jedzeniu ekologicznym&#8221; KUBUSIOWI PRZYJACIELE NATURY BEZPIECZNE DZIECKO &#8211; BEZPIECZNE PRZEDSZKOLE PRZEDSZKOLE ZDROWEGO \u017bYWIENIA SK\u0104D\u2026 <a class=\"continue-reading-link\" href=\"https:\/\/www.pm10jaslo.pl\/?page_id=59\">Czytaj dalej<\/a><\/p>\n","protected":false},"author":1,"featured_media":0,"parent":0,"menu_order":4,"comment_status":"closed","ping_status":"closed","template":"","meta":{"ngg_post_thumbnail":0,"footnotes":""},"class_list":["post-59","page","type-page","status-publish","hentry"],"_links":{"self":[{"href":"https:\/\/www.pm10jaslo.pl\/index.php?rest_route=\/wp\/v2\/pages\/59","targetHints":{"allow":["GET"]}}],"collection":[{"href":"https:\/\/www.pm10jaslo.pl\/index.php?rest_route=\/wp\/v2\/pages"}],"about":[{"href":"https:\/\/www.pm10jaslo.pl\/index.php?rest_route=\/wp\/v2\/types\/page"}],"author":[{"embeddable":true,"href":"https:\/\/www.pm10jaslo.pl\/index.php?rest_route=\/wp\/v2\/users\/1"}],"replies":[{"embeddable":true,"href":"https:\/\/www.pm10jaslo.pl\/index.php?rest_route=%2Fwp%2Fv2%2Fcomments&post=59"}],"version-history":[{"count":48,"href":"https:\/\/www.pm10jaslo.pl\/index.php?rest_route=\/wp\/v2\/pages\/59\/revisions"}],"predecessor-version":[{"id":22070,"href":"https:\/\/www.pm10jaslo.pl\/index.php?rest_route=\/wp\/v2\/pages\/59\/revisions\/22070"}],"wp:attachment":[{"href":"https:\/\/www.pm10jaslo.pl\/index.php?rest_route=%2Fwp%2Fv2%2Fmedia&parent=59"}],"curies":[{"name":"wp","href":"https:\/\/api.w.org\/{rel}","templated":true}]}}