{"id":56,"date":"2015-01-15T18:59:24","date_gmt":"2015-01-15T18:59:24","guid":{"rendered":"http:\/\/www.pm10jaslo.pl\/?page_id=56"},"modified":"2026-01-11T17:51:18","modified_gmt":"2026-01-11T17:51:18","slug":"realizowane-projekty","status":"publish","type":"page","link":"https:\/\/www.pm10jaslo.pl\/?page_id=56","title":{"rendered":"Realizowane projekty"},"content":{"rendered":"<p><img loading=\"lazy\" decoding=\"async\" class=\"alignleft wp-image-21714 size-full\" src=\"http:\/\/www.pm10jaslo.pl\/wp-content\/uploads\/2024\/12\/Szkola-emocji-kolorowego-potwora-1.jpg\" alt=\"\" width=\"300\" height=\"137\" srcset=\"https:\/\/www.pm10jaslo.pl\/wp-content\/uploads\/2024\/12\/Szkola-emocji-kolorowego-potwora-1.jpg 300w, https:\/\/www.pm10jaslo.pl\/wp-content\/uploads\/2024\/12\/Szkola-emocji-kolorowego-potwora-1-250x114.jpg 250w, https:\/\/www.pm10jaslo.pl\/wp-content\/uploads\/2024\/12\/Szkola-emocji-kolorowego-potwora-1-150x69.jpg 150w\" sizes=\"auto, (max-width: 300px) 100vw, 300px\" \/><\/p>\n<p><a href=\"http:\/\/www.pm10jaslo.pl\/wp-content\/uploads\/2024\/12\/Sprawozdanie-z-realizacji-projektu-edukacyjnego-\u201eSzkola-Emocji-Kolorowego-Potwora.pdf\" data-wplink-edit=\"true\"><strong>Sprawozdanie z realizacji projektu edukacyjnego \u201eSzko\u0142a Emocji Kolorowego Potwora\u201d<\/strong><\/a><\/p>\n<p>&nbsp;<\/p>\n<p>&nbsp;<\/p>\n\n\n<hr class=\"wp-block-separator has-alpha-channel-opacity\"\/>\n\n\n<p><img loading=\"lazy\" decoding=\"async\" class=\"size-full wp-image-22226 alignleft\" src=\"http:\/\/www.pm10jaslo.pl\/wp-content\/uploads\/2026\/01\/3i0uhRFu-1.jpg\" alt=\"\" width=\"300\" height=\"137\" srcset=\"https:\/\/www.pm10jaslo.pl\/wp-content\/uploads\/2026\/01\/3i0uhRFu-1.jpg 300w, https:\/\/www.pm10jaslo.pl\/wp-content\/uploads\/2026\/01\/3i0uhRFu-1-250x114.jpg 250w, https:\/\/www.pm10jaslo.pl\/wp-content\/uploads\/2026\/01\/3i0uhRFu-1-150x69.jpg 150w\" sizes=\"auto, (max-width: 300px) 100vw, 300px\" \/><strong>Bezpiecznie i zdrowo z ma\u0142pk\u0105 Iwon\u0105<\/strong><\/p>\n\n\n<hr class=\"wp-block-separator has-alpha-channel-opacity\"\/>\n\n\n<p><a href=\"https:\/\/www.pm10jaslo.pl\/?page_id=4537\"><strong><img loading=\"lazy\" decoding=\"async\" class=\"alignleft size-full wp-image-21706\" src=\"http:\/\/www.pm10jaslo.pl\/wp-content\/uploads\/2024\/12\/bezpieczne-wakacje.jpg\" alt=\"\" width=\"300\" height=\"137\" srcset=\"https:\/\/www.pm10jaslo.pl\/wp-content\/uploads\/2024\/12\/bezpieczne-wakacje.jpg 300w, https:\/\/www.pm10jaslo.pl\/wp-content\/uploads\/2024\/12\/bezpieczne-wakacje-250x114.jpg 250w, https:\/\/www.pm10jaslo.pl\/wp-content\/uploads\/2024\/12\/bezpieczne-wakacje-150x69.jpg 150w\" sizes=\"auto, (max-width: 300px) 100vw, 300px\" \/>Bezpieczne wakacje<\/strong><\/a><\/p>\n<p>&nbsp;<\/p>\n<p>&nbsp;<\/p>\n<p>&nbsp;<\/p>\n\n\n<hr class=\"wp-block-separator has-alpha-channel-opacity\"\/>\n\n\n<p><a href=\"http:\/\/www.pm10jaslo.pl\/wp-content\/uploads\/2019\/06\/Sprawozdanie-z-realizacji-programu-Bezpieczny-patrol-PM-Nr-10-Jas\u0142o.pdf\"><strong><img loading=\"lazy\" decoding=\"async\" class=\"alignleft size-full wp-image-21709\" src=\"http:\/\/www.pm10jaslo.pl\/wp-content\/uploads\/2024\/12\/Bezpieczny-patrol.jpg\" alt=\"\" width=\"300\" height=\"137\" srcset=\"https:\/\/www.pm10jaslo.pl\/wp-content\/uploads\/2024\/12\/Bezpieczny-patrol.jpg 300w, https:\/\/www.pm10jaslo.pl\/wp-content\/uploads\/2024\/12\/Bezpieczny-patrol-250x114.jpg 250w, https:\/\/www.pm10jaslo.pl\/wp-content\/uploads\/2024\/12\/Bezpieczny-patrol-150x69.jpg 150w\" sizes=\"auto, (max-width: 300px) 100vw, 300px\" \/>Sprawozdanie z realizacji programu Bezpieczny patrol PM Nr 10 Jas\u0142o<\/strong><\/a><\/p>\n<p>&nbsp;<\/p>\n<p>&nbsp;<\/p>\n<p>&nbsp;<\/p>\n\n\n<hr class=\"wp-block-separator has-alpha-channel-opacity\"\/>\n\n\n<p><a href=\"https:\/\/www.pm10jaslo.pl\/?page_id=1652\" target=\"_blank\" rel=\"noopener\"><strong><img loading=\"lazy\" decoding=\"async\" class=\"alignleft size-medium wp-image-21717\" src=\"http:\/\/www.pm10jaslo.pl\/wp-content\/uploads\/2024\/12\/rok-szkoly-w-ruchu-300x137.jpg\" alt=\"\" width=\"300\" height=\"137\" srcset=\"https:\/\/www.pm10jaslo.pl\/wp-content\/uploads\/2024\/12\/rok-szkoly-w-ruchu-300x137.jpg 300w, https:\/\/www.pm10jaslo.pl\/wp-content\/uploads\/2024\/12\/rok-szkoly-w-ruchu-250x114.jpg 250w, https:\/\/www.pm10jaslo.pl\/wp-content\/uploads\/2024\/12\/rok-szkoly-w-ruchu-150x69.jpg 150w, https:\/\/www.pm10jaslo.pl\/wp-content\/uploads\/2024\/12\/rok-szkoly-w-ruchu.jpg 350w\" sizes=\"auto, (max-width: 300px) 100vw, 300px\" \/>Rok szko\u0142y w ruchu<\/strong><\/a><\/p>\n<p>&nbsp;<\/p>\n<p>&nbsp;<\/p>\n<p>&nbsp;<\/p>\n<p>&nbsp;<\/p>\n\n\n<hr class=\"wp-block-separator has-alpha-channel-opacity\"\/>\n\n\n<p><a href=\"http:\/\/www.pm10jaslo.pl\/wp-content\/uploads\/2021\/06\/Sprawozdanie-z-udzialu-w-projekcie-Maly-mis.pdf\"><strong><img loading=\"lazy\" decoding=\"async\" class=\"alignleft wp-image-21723 size-full\" src=\"http:\/\/www.pm10jaslo.pl\/wp-content\/uploads\/2024\/12\/maly-mis.jpg\" alt=\"\" width=\"300\" height=\"137\" srcset=\"https:\/\/www.pm10jaslo.pl\/wp-content\/uploads\/2024\/12\/maly-mis.jpg 300w, https:\/\/www.pm10jaslo.pl\/wp-content\/uploads\/2024\/12\/maly-mis-250x114.jpg 250w, https:\/\/www.pm10jaslo.pl\/wp-content\/uploads\/2024\/12\/maly-mis-150x69.jpg 150w\" sizes=\"auto, (max-width: 300px) 100vw, 300px\" \/>Sprawozdanie z udzia\u0142u w projekcie Ma\u0142y mi\u015b w \u015bwiecie wielkiej literatury<\/strong><\/a><\/p>\n<p>&nbsp;<\/p>\n<p>&nbsp;<\/p>\n<p>&nbsp;<\/p>\n\n\n<hr class=\"wp-block-separator has-alpha-channel-opacity\"\/>\n\n\n<p><a href=\"http:\/\/www.pm10jaslo.pl\/wp-content\/uploads\/2022\/06\/Covidowe-zdrowe-love-sprawozdanie.pdf\"><strong><img loading=\"lazy\" decoding=\"async\" class=\"alignleft size-full wp-image-19256\" src=\"http:\/\/www.pm10jaslo.pl\/wp-content\/uploads\/2021\/10\/COVIDOWE-ZDROWE-LOVE.jpg\" alt=\"\" width=\"300\" height=\"137\" srcset=\"https:\/\/www.pm10jaslo.pl\/wp-content\/uploads\/2021\/10\/COVIDOWE-ZDROWE-LOVE.jpg 300w, https:\/\/www.pm10jaslo.pl\/wp-content\/uploads\/2021\/10\/COVIDOWE-ZDROWE-LOVE-250x114.jpg 250w, https:\/\/www.pm10jaslo.pl\/wp-content\/uploads\/2021\/10\/COVIDOWE-ZDROWE-LOVE-150x69.jpg 150w\" sizes=\"auto, (max-width: 300px) 100vw, 300px\" \/>Covidowe zdrowe love sprawozdanie<\/strong><\/a><\/p>\n<p>&nbsp;<\/p>\n<p>&nbsp;<\/p>\n<p>&nbsp;<\/p>\n<p>&nbsp;<\/p>\n\n\n<hr class=\"wp-block-separator has-alpha-channel-opacity\"\/>\n\n\n<p><a href=\"https:\/\/www.pm10jaslo.pl\/?page_id=1670\" target=\"_blank\" rel=\"noopener\"><strong><img loading=\"lazy\" decoding=\"async\" class=\"alignleft size-medium wp-image-21728\" src=\"http:\/\/www.pm10jaslo.pl\/wp-content\/uploads\/2024\/12\/jaslo-miasto-wiedzy-300x137.jpg\" alt=\"\" width=\"300\" height=\"137\" srcset=\"https:\/\/www.pm10jaslo.pl\/wp-content\/uploads\/2024\/12\/jaslo-miasto-wiedzy-300x137.jpg 300w, https:\/\/www.pm10jaslo.pl\/wp-content\/uploads\/2024\/12\/jaslo-miasto-wiedzy-250x114.jpg 250w, https:\/\/www.pm10jaslo.pl\/wp-content\/uploads\/2024\/12\/jaslo-miasto-wiedzy-150x69.jpg 150w, https:\/\/www.pm10jaslo.pl\/wp-content\/uploads\/2024\/12\/jaslo-miasto-wiedzy.jpg 350w\" sizes=\"auto, (max-width: 300px) 100vw, 300px\" \/>Jas\u0142o miasto wiedzy<\/strong><\/a><\/p>\n<p>&nbsp;<\/p>\n<p>&nbsp;<\/p>\n<p>&nbsp;<\/p>\n<p>&nbsp;<\/p>\n\n\n<hr class=\"wp-block-separator has-alpha-channel-opacity\"\/>\n\n\n<p><a href=\"https:\/\/www.pm10jaslo.pl\/?page_id=10923\" target=\"_blank\" rel=\"noopener\"><strong><img loading=\"lazy\" decoding=\"async\" class=\"alignleft size-full wp-image-21730\" src=\"http:\/\/www.pm10jaslo.pl\/wp-content\/uploads\/2024\/12\/Talent.jpg\" alt=\"\" width=\"300\" height=\"137\" srcset=\"https:\/\/www.pm10jaslo.pl\/wp-content\/uploads\/2024\/12\/Talent.jpg 300w, https:\/\/www.pm10jaslo.pl\/wp-content\/uploads\/2024\/12\/Talent-250x114.jpg 250w, https:\/\/www.pm10jaslo.pl\/wp-content\/uploads\/2024\/12\/Talent-150x69.jpg 150w\" sizes=\"auto, (max-width: 300px) 100vw, 300px\" \/>Przedszkole talent\u00f3w<\/strong><\/a><\/p>\n<p>&nbsp;<\/p>\n<p>&nbsp;<\/p>\n<p>&nbsp;<\/p>\n<p>&nbsp;<\/p>\n\n\n<hr class=\"wp-block-separator has-alpha-channel-opacity\"\/>\n\n\n<p><a href=\"https:\/\/www.pm10jaslo.pl\/?page_id=7623\"><strong><img loading=\"lazy\" decoding=\"async\" class=\"alignleft size-medium wp-image-21733\" src=\"http:\/\/www.pm10jaslo.pl\/wp-content\/uploads\/2024\/12\/lotos-logo-300x137.jpg\" alt=\"\" width=\"300\" height=\"137\" srcset=\"https:\/\/www.pm10jaslo.pl\/wp-content\/uploads\/2024\/12\/lotos-logo-300x137.jpg 300w, https:\/\/www.pm10jaslo.pl\/wp-content\/uploads\/2024\/12\/lotos-logo-250x114.jpg 250w, https:\/\/www.pm10jaslo.pl\/wp-content\/uploads\/2024\/12\/lotos-logo-150x69.jpg 150w, https:\/\/www.pm10jaslo.pl\/wp-content\/uploads\/2024\/12\/lotos-logo.jpg 350w\" sizes=\"auto, (max-width: 300px) 100vw, 300px\" \/>Jasielska Liga Naukowa z Lotosem<\/strong><\/a><\/p>\n<p>&nbsp;<\/p>\n<p>&nbsp;<\/p>\n<p>&nbsp;<\/p>\n<p>&nbsp;<\/p>\n\n\n<hr class=\"wp-block-separator has-alpha-channel-opacity\"\/>\n","protected":false},"excerpt":{"rendered":"<p>Sprawozdanie z realizacji projektu edukacyjnego \u201eSzko\u0142a Emocji Kolorowego Potwora\u201d &nbsp; &nbsp; Bezpiecznie i zdrowo z ma\u0142pk\u0105 Iwon\u0105 Bezpieczne wakacje &nbsp; &nbsp; &nbsp; Sprawozdanie z realizacji programu Bezpieczny patrol PM Nr 10 Jas\u0142o &nbsp; &nbsp; &nbsp; Rok szko\u0142y w ruchu &nbsp; &nbsp; &nbsp; &nbsp; Sprawozdanie z udzia\u0142u w projekcie Ma\u0142y mi\u015b\u2026 <a class=\"continue-reading-link\" href=\"https:\/\/www.pm10jaslo.pl\/?page_id=56\">Czytaj dalej<\/a><\/p>\n","protected":false},"author":1,"featured_media":0,"parent":0,"menu_order":5,"comment_status":"closed","ping_status":"closed","template":"","meta":{"ngg_post_thumbnail":0,"footnotes":""},"class_list":["post-56","page","type-page","status-publish","hentry"],"_links":{"self":[{"href":"https:\/\/www.pm10jaslo.pl\/index.php?rest_route=\/wp\/v2\/pages\/56","targetHints":{"allow":["GET"]}}],"collection":[{"href":"https:\/\/www.pm10jaslo.pl\/index.php?rest_route=\/wp\/v2\/pages"}],"about":[{"href":"https:\/\/www.pm10jaslo.pl\/index.php?rest_route=\/wp\/v2\/types\/page"}],"author":[{"embeddable":true,"href":"https:\/\/www.pm10jaslo.pl\/index.php?rest_route=\/wp\/v2\/users\/1"}],"replies":[{"embeddable":true,"href":"https:\/\/www.pm10jaslo.pl\/index.php?rest_route=%2Fwp%2Fv2%2Fcomments&post=56"}],"version-history":[{"count":39,"href":"https:\/\/www.pm10jaslo.pl\/index.php?rest_route=\/wp\/v2\/pages\/56\/revisions"}],"predecessor-version":[{"id":22232,"href":"https:\/\/www.pm10jaslo.pl\/index.php?rest_route=\/wp\/v2\/pages\/56\/revisions\/22232"}],"wp:attachment":[{"href":"https:\/\/www.pm10jaslo.pl\/index.php?rest_route=%2Fwp%2Fv2%2Fmedia&parent=56"}],"curies":[{"name":"wp","href":"https:\/\/api.w.org\/{rel}","templated":true}]}}