{"id":4428,"date":"2015-09-03T18:15:17","date_gmt":"2015-09-03T18:15:17","guid":{"rendered":"http:\/\/www.pm10jaslo.pl\/?page_id=4428"},"modified":"2022-04-24T14:22:17","modified_gmt":"2022-04-24T14:22:17","slug":"nasi-sponsorzy","status":"publish","type":"page","link":"https:\/\/www.pm10jaslo.pl\/?page_id=4428","title":{"rendered":"Nasi Sponsorzy"},"content":{"rendered":"<hr>\n<p><strong><u>Dyrektor i Nauczyciele Przedszkola Miejskiego Nr 10 w Ja\u015ble <\/u><\/strong><\/p>\n<p>serdecznie dzi\u0119kuj\u0105 za wsparcie finansowe i za sponsorowanie gad\u017cet\u00f3w, kt\u00f3re zosta\u0142y przeznaczone na nagrody dla zwyci\u0119zc\u00f3w oraz uczestnik\u00f3w<\/p>\n<p><strong>&nbsp;X Wewn\u0105trzprzedszkolnego Przegl\u0105du:<\/strong><\/p>\n<p><strong>\u201dTalent Przedszkolaka\u201d <\/strong><strong>pod has\u0142em: \u201eMali mi\u0142o\u015bnicy przyrody\u201d.<\/strong><\/p>\n<p><strong>&nbsp;<\/strong>G\u0142\u00f3wni sponsorzy:<\/p>\n<ol>\n<li>Biuro Projekt\u00f3w NAFTA \u2013 GAZ Sp. Z o. o. Jas\u0142o<\/li>\n<li>P.H. U. Astra Sp. Z o. Krajowice<\/li>\n<\/ol>\n<p>Rodzice:<\/p>\n<ol start=\"3\">\n<li>Gabriela i Czes\u0142aw Garncarscy<\/li>\n<li>Aleksandra i Micha\u0142 Ruszaj<\/li>\n<li>Karolina i \u0141ukasz Stanula<\/li>\n<li>Martyna i Kamil Kawa<\/li>\n<li>Sylwia i \u0141ukasz Kubiccy<\/li>\n<li>Sylwia i Damian Jasionowicz<\/li>\n<li>Monika i Maciej Wilisowscy<\/li>\n<\/ol>\n<p>Mamy nadziej\u0119, \u017ce roze\u015bmiane twarze dzieci b\u0119d\u0105 wyrazem wdzi\u0119czno\u015bci za wasz\u0105 hojno\u015b\u0107 sk\u0142adaj\u0105 podzi\u0119kowanie liczymy na dalsz\u0105 wsp\u00f3\u0142prac\u0119.<\/p>\n<p style=\"text-align: center;\"><em>&nbsp;<\/em><em>\u201eDla ludzi naprawd\u0119 wielkich<\/em><\/p>\n<p style=\"text-align: center;\"><em>nie ma wi\u0119kszej rado\u015bci od tej,<\/em><\/p>\n<p style=\"text-align: center;\"><em>gdy drugim mog\u0105 sprawi\u0107 rado\u015b\u0107.\u201d<\/em><\/p>\n<p style=\"text-align: center;\"><em>Wilhelm Keppler<\/em><\/p>\n<hr>\n<p>Dyrektor i grono pedagogiczne wraz z wychowankami serdecznie dzi\u0119kuj\u0105 wszystkim sponsorom.<\/p>\n<p><img loading=\"lazy\" decoding=\"async\" class=\"aligncenter  wp-image-4435\" src=\"http:\/\/www.pm10jaslo.pl\/wp-content\/uploads\/2015\/09\/Bez-nazwy-1-300x104.jpg\" alt=\"\" width=\"577\" height=\"200\" srcset=\"https:\/\/www.pm10jaslo.pl\/wp-content\/uploads\/2015\/09\/Bez-nazwy-1-300x104.jpg 300w, https:\/\/www.pm10jaslo.pl\/wp-content\/uploads\/2015\/09\/Bez-nazwy-1-250x86.jpg 250w, https:\/\/www.pm10jaslo.pl\/wp-content\/uploads\/2015\/09\/Bez-nazwy-1-150x52.jpg 150w, https:\/\/www.pm10jaslo.pl\/wp-content\/uploads\/2015\/09\/Bez-nazwy-1.jpg 750w\" sizes=\"auto, (max-width: 577px) 100vw, 577px\" \/><\/p>\n<hr>\n<p>Dyrektor i Grono Pedagogiczne P. M. Nr 10 pragn\u0105 wyrazi\u0107&nbsp; serdeczne podzi\u0119kowania firmie F.H.U. \u201eCOSINUS\u201d za pozyskanie sponsor\u00f3w na zakup pomocy dydaktycznych dla dzieci z naszego przedszkola.<\/p>\n<p>Dzi\u0119kujemy firmom:<\/p>\n<p>TORCIKOWO El\u017cbieta Jarecka<\/p>\n<p>Kado-Wentylacja Pawe\u0142 Gorgosz<\/p>\n<p>Instalatorstwo Elektryczne Andrzej Kachlik<\/p>\n<p>FHU Pawe\u0142 Czajka<\/p>\n<p>EWA STUDIO Antoni Surowiak<\/p>\n<p>QUADRO Bartosz \u017buchowicz<\/p>\n<p>FH \u201eDAKAR\u201d Piotr Szostak, Marcin W\u00f3jcik Sp. J.<\/p>\n<p>Us\u0142ugowy Zak\u0142ad Blacharsko-Dekarski Szwast Andrzej.<\/p>\n<p>Wyra\u017caj\u0105c &nbsp;sw\u0105 wdzi\u0119czno\u015b\u0107 za wielkie serce i dobr\u0105 wol\u0119 \u017cyczymy wiele sukces\u00f3w i powodzenia w realizacji \u017cyciowych oraz zawodowych plan\u00f3w.<\/p>\n<hr>\n<p>Dyrektor i pracownicy Przedszkola Miejskiego Nr 10 w Ja\u015ble serdecznie dzi\u0119kuj\u0105 wszystkim rodzicom, kt\u00f3rzy aktywnie w\u0142\u0105czyli si\u0119 w zorganizowanie pikniku.<\/p>\n<p><strong>&nbsp;Pieczenie ciast:&nbsp;<\/strong><\/p>\n<p>&nbsp;<strong>Grupa I<\/strong>: E.M. Bezak, A.J. Czarny, J.P. Gierut, I.M. Gorgosz<\/p>\n<p>&nbsp;<strong>Grupa II<\/strong>: M.Wojdy\u0142a, M.R. Wr\u00f3bel, Zawili\u0144ska-Szot, A. Szot,K. Kaznowscy, A.R. Filus, G. Przywara<\/p>\n<p>&nbsp;<strong>Grupa III<\/strong>: J.Cie\u015bla, A.S. Bracik, M.B. \u017buchowicz, A.W. Lupa<\/p>\n<p>&nbsp;<strong>Grupa IV<\/strong>: Mazur-Gorczyca, B. Gorczyca, M.M. Sochaccy, J.A. Pachana, &nbsp; M.M. Wilisowscy<\/p>\n<p>&nbsp;<strong>Grupa V<\/strong>: M.J.Felkiel, R. Wickowska,M. Potrzeba\u2013Bara, D. Bara, B.M. Czerniccy<\/p>\n<p>&nbsp;<strong>Rodzicom za po\u015bwi\u0119cony czas:<\/strong><\/p>\n<p>&#8211; malowanie paznokci&nbsp; p. I. Jurusik<\/p>\n<p>&#8211; us\u0142ugi fryzjerskie p. I. Gorgosz<\/p>\n<p>&#8211; malowanie twarzy p. L. Strz\u0119pek<\/p>\n<p>&#8211; wystr\u00f3j ogrodu przedszkolnego p. M. Felkiel, R. Wickowska, S. Lisowiec<\/p>\n<p>&#8211; pieczenie kie\u0142basy na grillu: p. M. \u015awi\u0105tek, P. Kozio\u0142, K. Jastrz\u0119bski, P. Wa\u0142ek<\/p>\n<p>&nbsp;Szczeg\u00f3lne podzi\u0119kowania dla Pa\u0144stwa R. I. Stachaczy\u0144skich, kt\u00f3rzy zasponsorowali kie\u0142bas\u0119 i grilla.<\/p>\n<p>&nbsp;Dzi\u0119kujemy p. M. \u015awi\u0105tek za zakupy i uatrakcyjnienie imprezy kolorow\u0105 maskotk\u0105.<\/p>\n<hr>\n<p style=\"text-align: center;\"><strong>SERDECZNIE DZI\u0118KUJEMY SPONSOROM VIII PRZEGL\u0104DU \u201eTALENT PRZEDSZKOLAKA\u201d ZA WSPARCIE FINANSOWE I RZECZOWE ,KT\u00d3RE UATRAKCYJNI\u0141O NASZE PRZEDSI\u0118WZI\u0118CIE<\/strong><\/p>\n<p><strong> <img loading=\"lazy\" decoding=\"async\" class=\"aligncenter size-full wp-image-16479\" src=\"http:\/\/www.pm10jaslo.pl\/wp-content\/uploads\/2019\/04\/poduszka.jpg\" alt=\"\" width=\"200\" height=\"200\" srcset=\"https:\/\/www.pm10jaslo.pl\/wp-content\/uploads\/2019\/04\/poduszka.jpg 200w, https:\/\/www.pm10jaslo.pl\/wp-content\/uploads\/2019\/04\/poduszka-150x150.jpg 150w\" sizes=\"auto, (max-width: 200px) 100vw, 200px\" \/><\/strong><\/p>\n<p><strong>ZARZ\u0104D JAFAR&nbsp; S.A.<\/strong><\/p>\n<p><strong>RADA RODZIC\u00d3W PRZEDSZKOLA MIEJSKIEGO NR 10 W JA\u015aLE<\/strong><\/p>\n<p><strong>FLORA&nbsp; IN VITRO LABOLATORIUM OGRODNICZE K. D. D\u0104BROWSCY<\/strong><\/p>\n<p><strong>PKO BANK POLSKI ODDZIA\u0141 JAS\u0141O<\/strong><\/p>\n<p><strong>KSI\u0118GARNIA NOVA<\/strong><\/p>\n<p><strong>Jeste\u015bmy bardzo wdzi\u0119czni Rodzicom naszych wychowank\u00f3w za w\u0142\u0105czenie si\u0119 w realizacj\u0119 przegl\u0105du.<\/strong><\/p>\n<hr>\n<p style=\"text-align: center;\"><strong>SERDECZNIE DZI\u0118KUJEMY SPONSOROM VII PRZEGL\u0104DU \u201eTALENT PRZEDSZKOLAKA\u201d ZA WSPARCIE FINANSOWE I RZECZOWE ,KT\u00d3RE UATRAKCYJNI\u0141O NASZE PRZEDSI\u0118WZI\u0118CIE<\/strong><\/p>\n<p><img loading=\"lazy\" decoding=\"async\" class=\"aligncenter size-full wp-image-14667\" src=\"http:\/\/www.pm10jaslo.pl\/wp-content\/uploads\/2018\/04\/poduszka.jpg\" alt=\"\" width=\"233\" height=\"217\" srcset=\"https:\/\/www.pm10jaslo.pl\/wp-content\/uploads\/2018\/04\/poduszka.jpg 233w, https:\/\/www.pm10jaslo.pl\/wp-content\/uploads\/2018\/04\/poduszka-161x150.jpg 161w, https:\/\/www.pm10jaslo.pl\/wp-content\/uploads\/2018\/04\/poduszka-150x140.jpg 150w\" sizes=\"auto, (max-width: 233px) 100vw, 233px\" \/><\/p>\n<p><strong>PKO Bank Polski S.A.<\/strong><br \/>\n<strong>Kasa Stefczyka \u2013 oddzia\u0142 Jas\u0142o<\/strong><br \/>\n<strong>PZU S.A. \u2013 oddzia\u0142 Jas\u0142o<\/strong><br \/>\n<strong>Hurtownia spo\u017cywcza \u201eGoldenfruit\u201d<\/strong><br \/>\n<strong>Hurtownia warzywna \u201eDakar\u201d<\/strong><br \/>\n<strong>Rada Rodzic\u00f3w przy Przedszkolu Miejskim Nr 10 w Ja\u015ble<\/strong><br \/>\n<strong>P.D.K. D\u0105browscy \u201eFlora In vitro\u201d w D\u0119bowcu<\/strong><br \/>\n<strong>\u201eBrooklin Butik\u201d Jaros\u0142aw Gorgosz<br \/>\n<\/strong><strong>Rodzice naszych przedszkolak\u00f3w<\/strong><\/p>\n<hr>\n<p style=\"text-align: center;\"><strong>SERDECZNIE DZI\u0118KUJEMY SPONSOROM VI PRZEGL\u0104DU \u201eTALENT PRZEDSZKOLAKA\u201d ZA WSPARCIE FINANSOWE I RZECZOWE ,KT\u00d3RE UATRAKCYJNI\u0141O NASZE PRZEDSI\u0118WZI\u0118CIE<\/strong><\/p>\n<p><strong>URZ\u0104D &nbsp;MIASTA JAS\u0141A<\/strong><br \/>\n<strong>RADA RODZIC\u00d3W<\/strong><strong>&nbsp; <\/strong><strong>Przedszkola Miejskiego Nr 10 w Ja\u015ble<\/strong><br \/>\n<strong>LOTOS Infrastruktura S.A.<\/strong><br \/>\n<strong>PZU S.A. Oddzia\u0142 w Ja\u015ble<\/strong><br \/>\n<strong>JAFAR FIRMA S. A.<\/strong><br \/>\n<strong>Brooklyn Butik <\/strong><strong>Jaros\u0142aw Gorgosz<\/strong><br \/>\n<strong>TEKPUD Sp. z o.o.<\/strong><br \/>\n<strong>\u201eSPO\u0141EM\u201d<\/strong> <strong>Powszechna Sp\u00f3\u0142dzielnia Spo\u017cywc\u00f3w w Ja\u015ble<\/strong><br \/>\n<strong>Firma Handlowa &#8222;DAKAR&#8221;<\/strong><strong> Piotr Szostak, Marcin W\u00f3jcik &#8211; Sp. J.<\/strong><br \/>\n<strong>Cukiernia-Piekarnia \u201eRenata<\/strong><strong>\u201d <\/strong><strong>Renata Zawisza &#8211; Sereda<\/strong><br \/>\n<strong>Golden Fruit. FHU<\/strong><strong>. <\/strong><strong>Hurtownia rolno &#8211; spo\u017cywcza <\/strong><strong>Kwilosz Sp. J.<br \/>\nRodzice naszych przedszkolak\u00f3w<\/strong><\/p>\n<hr>\n<p><strong>SERDECZNIE DZI\u0118KUJEMY SPONSOROM V PRZEGL\u0104DU \u201eTALENT PRZEDSZKOLAKA\u201d ZA WSPARCIE FINANSOWE I RZECZOWE ,KT\u00d3RE UATRAKCYJNI\u0141O NASZE PRZEDSI\u0118WZI\u0118CIE<br \/>\n<\/strong><\/p>\n<ul>\n<li><strong>BURMISTRZ MIASTA JAS\u0141A<\/strong><\/li>\n<li><strong>LOTOS INFRASTRUKTURA S.A.<\/strong><\/li>\n<li><strong>PZU S.A.ODDZIA\u0141 JAS\u0141O<\/strong><\/li>\n<li><strong>Rodzice naszych przedszkolak\u00f3w<\/strong><\/li>\n<\/ul>\n<hr>\n<p><img loading=\"lazy\" decoding=\"async\" class=\"aligncenter size-full wp-image-5178\" src=\"http:\/\/www.pm10jaslo.pl\/wp-content\/uploads\/2015\/09\/dulux.jpg\" alt=\"dulux\" width=\"184\" height=\"92\" srcset=\"https:\/\/www.pm10jaslo.pl\/wp-content\/uploads\/2015\/09\/dulux.jpg 184w, https:\/\/www.pm10jaslo.pl\/wp-content\/uploads\/2015\/09\/dulux-150x75.jpg 150w\" sizes=\"auto, (max-width: 184px) 100vw, 184px\" \/><\/p>\n<p style=\"text-align: center;\"><strong>SERDECZNIE DZI\u0118KUJEMY SPONSOROM,<\/strong><\/p>\n<p style=\"text-align: center;\"><strong>KT\u00d3RZY PRZYCZYNILI SI\u0118 DO UATRAKCYJNIENIA AKCJI DULUX LET\u2019S COLOUR<\/strong><\/p>\n<p style=\"text-align: center;\"><strong>&nbsp;&nbsp;&nbsp;&nbsp;&nbsp;&nbsp;&nbsp;&nbsp;&nbsp;&nbsp;&nbsp;&nbsp; ZORGANIZOWANEJ NA TERENIE NASZEJ PLAC\u00d3WKI<\/strong><\/p>\n<p><strong>PAN JERZY PIERZCHA\u0141A \u2013 pomoc w organizacji akcji<\/strong><\/p>\n<p><strong>PANI KRYSTYNA KOWALCZYK \u2013 Dyrektor Marketu Carrefour,&nbsp; Jas\u0142o ul. Baczy\u0144skiego<\/strong><\/p>\n<p><strong>Hurtownia Golden\u2013Fruit<\/strong><\/p>\n<p><strong>Firma \u201e Trafunek\u201d w D\u0119bowcu<\/strong><\/p>\n<p><strong>Firma \u201e Astra\u201d<\/strong><\/p>\n<hr>\n<p>&nbsp;<\/p>\n<p><img loading=\"lazy\" decoding=\"async\" class=\"size-full wp-image-5174 aligncenter\" src=\"http:\/\/www.pm10jaslo.pl\/wp-content\/uploads\/2015\/09\/tuje.jpg\" alt=\"tuje\" width=\"225\" height=\"225\" srcset=\"https:\/\/www.pm10jaslo.pl\/wp-content\/uploads\/2015\/09\/tuje.jpg 225w, https:\/\/www.pm10jaslo.pl\/wp-content\/uploads\/2015\/09\/tuje-150x150.jpg 150w\" sizes=\"auto, (max-width: 225px) 100vw, 225px\" \/><\/p>\n<h6 style=\"text-align: center;\"><strong>Serdecznie dzi\u0119kujemy wszystkim rodzicom<\/strong>,<\/h6>\n<h6 style=\"text-align: center;\">kt\u00f3rzy czynnie w\u0142\u0105czyli si\u0119 w akcj\u0119 organizowan\u0105 na terenie naszego przedszkola,<\/h6>\n<h6 style=\"text-align: center;\">pod has\u0142em <strong><em>\u201eZielony ogr\u00f3d\u201d <\/em><\/strong><\/h6>\n<h6 style=\"text-align: center;\">Zebrana kwota wynosi<strong>: 926 z\u0142<\/strong><\/h6>\n<h6 style=\"text-align: center;\">To dzi\u0119ki Waszej hojno\u015bci zosta\u0142y zakupione drzewka &#8211; tuje, a nasz ogr\u00f3d nabierze nowego, zielonego wygl\u0105du od strony p\u00f3\u0142nocnej i po\u0142udniowej.<\/h6>\n<hr>\n<p>&nbsp;<\/p>\n<h6 style=\"text-align: center;\">Przedszkole Miejskie N 10 w Ja\u015ble wraz z wychowankami serdecznie dzi\u0119kuje za \u017cyczliwo\u015b\u0107 i mi\u0142\u0105 form\u0119 wsp\u00f3\u0142pracy z Pa\u0144stwem<\/h6>\n<h6 style=\"text-align: center;\"><strong>Magd\u0105 i Grzegorzem H.<\/strong><\/h6>\n<h6 style=\"text-align: center;\">kt\u00f3ra przyczyni\u0142a si\u0119 do poszerzenia asortymentu atrakcyjnych zabawek dla dzieci oraz dostarczenia im niezapomnianych wra\u017ce\u0144. Roze\u015bmiane twarze przedszkolak\u00f3w niech b\u0119d\u0105 wyrazem wdzi\u0119czno\u015bci za Wasz\u0105 hojno\u015b\u0107.<br \/>\nPozdrawiamy i liczymy na dalsz\u0105 wsp\u00f3\u0142prac\u0119.<\/h6>\n<p>&nbsp;<\/p>\n<h6>Lista Darczy\u0144c\u00f3w zabawek z Jas\u0142a:<\/h6>\n<ul>\n<li>\n<h6>P.H.U. FART Zbigniew Marsza\u0142ek<\/h6>\n<\/li>\n<li>\n<h6>Pani Agata B.<\/h6>\n<\/li>\n<li>\n<h6>BIURO GRAFICZNO-PROJEKTOWE GARCAD Tomasz Garbarz<\/h6>\n<\/li>\n<\/ul>\n<h5 style=\"text-align: center;\"><img loading=\"lazy\" decoding=\"async\" class=\"aligncenter wp-image-4446\" src=\"http:\/\/www.pm10jaslo.pl\/wp-content\/uploads\/2015\/09\/images-2.jpg\" alt=\"images 2\" width=\"400\" height=\"287\" srcset=\"https:\/\/www.pm10jaslo.pl\/wp-content\/uploads\/2015\/09\/images-2.jpg 240w, https:\/\/www.pm10jaslo.pl\/wp-content\/uploads\/2015\/09\/images-2-209x150.jpg 209w, https:\/\/www.pm10jaslo.pl\/wp-content\/uploads\/2015\/09\/images-2-150x108.jpg 150w\" sizes=\"auto, (max-width: 400px) 100vw, 400px\" \/><\/h5>\n<hr>\n<h5><em>Czekamy na innych sponsor\u00f3w i dobroczy\u0144c\u00f3w\u2026<\/em><\/h5>\n<hr>\n<h5>&nbsp;<\/h5>\n","protected":false},"excerpt":{"rendered":"<p>Dyrektor i Nauczyciele Przedszkola Miejskiego Nr 10 w Ja\u015ble serdecznie dzi\u0119kuj\u0105 za wsparcie finansowe i za sponsorowanie gad\u017cet\u00f3w, kt\u00f3re zosta\u0142y przeznaczone na nagrody dla zwyci\u0119zc\u00f3w oraz uczestnik\u00f3w &nbsp;X Wewn\u0105trzprzedszkolnego Przegl\u0105du: \u201dTalent Przedszkolaka\u201d pod has\u0142em: \u201eMali mi\u0142o\u015bnicy przyrody\u201d. &nbsp;G\u0142\u00f3wni sponsorzy: Biuro Projekt\u00f3w NAFTA \u2013 GAZ Sp. Z o. o. Jas\u0142o P.H.\u2026 <a class=\"continue-reading-link\" href=\"https:\/\/www.pm10jaslo.pl\/?page_id=4428\">Czytaj dalej<\/a><\/p>\n","protected":false},"author":1,"featured_media":0,"parent":0,"menu_order":0,"comment_status":"closed","ping_status":"closed","template":"","meta":{"ngg_post_thumbnail":0,"footnotes":""},"class_list":["post-4428","page","type-page","status-publish","hentry"],"_links":{"self":[{"href":"https:\/\/www.pm10jaslo.pl\/index.php?rest_route=\/wp\/v2\/pages\/4428","targetHints":{"allow":["GET"]}}],"collection":[{"href":"https:\/\/www.pm10jaslo.pl\/index.php?rest_route=\/wp\/v2\/pages"}],"about":[{"href":"https:\/\/www.pm10jaslo.pl\/index.php?rest_route=\/wp\/v2\/types\/page"}],"author":[{"embeddable":true,"href":"https:\/\/www.pm10jaslo.pl\/index.php?rest_route=\/wp\/v2\/users\/1"}],"replies":[{"embeddable":true,"href":"https:\/\/www.pm10jaslo.pl\/index.php?rest_route=%2Fwp%2Fv2%2Fcomments&post=4428"}],"version-history":[{"count":40,"href":"https:\/\/www.pm10jaslo.pl\/index.php?rest_route=\/wp\/v2\/pages\/4428\/revisions"}],"predecessor-version":[{"id":19774,"href":"https:\/\/www.pm10jaslo.pl\/index.php?rest_route=\/wp\/v2\/pages\/4428\/revisions\/19774"}],"wp:attachment":[{"href":"https:\/\/www.pm10jaslo.pl\/index.php?rest_route=%2Fwp%2Fv2%2Fmedia&parent=4428"}],"curies":[{"name":"wp","href":"https:\/\/api.w.org\/{rel}","templated":true}]}}