{"id":22346,"date":"2026-04-02T17:30:50","date_gmt":"2026-04-02T17:30:50","guid":{"rendered":"https:\/\/www.pm10jaslo.pl\/?page_id=22346"},"modified":"2026-04-02T17:30:50","modified_gmt":"2026-04-02T17:30:50","slug":"raport-z-analizy-dostepnosci-cyfrowej","status":"publish","type":"page","link":"https:\/\/www.pm10jaslo.pl\/?page_id=22346","title":{"rendered":"RAPORT Z ANALIZY DOST\u0118PNO\u015aCI CYFROWEJ"},"content":{"rendered":"<p><strong>Standard:<\/strong> WCAG 2.1 poziom AA<\/p>\n<p><strong>Zakres<\/strong> obejmowa\u0142 analiz\u0119:<\/p>\n<ul>\n<li>strony g\u0142\u00f3wnej serwisu<\/li>\n<li>wybranych podstron informacyjnych<\/li>\n<li>element\u00f3w multimedialnych (filmy, grafiki)<\/li>\n<li>dokument\u00f3w elektronicznych (PDF)<\/li>\n<li>funkcjonalno\u015bci nawigacyjnych i formularz<\/li>\n<\/ul>\n<p><strong>Postrzegalno\u015b\u0107 (Perceivable)<\/strong><\/p>\n<ul>\n<li><strong>1.1.1 Tre\u015b\u0107 nietekstowa<\/strong> \u2013 NIEZGODNE<br \/>\nBrak tekst\u00f3w alternatywnych dla cz\u0119\u015bci grafik.<\/li>\n<li><strong>1.2.2 Napisy (nagrania)<\/strong> \u2013 NIEZGODNE<br \/>\nMateria\u0142y wideo nie posiadaj\u0105 napis\u00f3w.<\/li>\n<li><strong>1.2.3 Audiodeskrypcja<\/strong> \u2013 NIEZGODNE<br \/>\nBrak audiodeskrypcji lub alternatywy tekstowej.<\/li>\n<li><strong>1.4.3 Kontrast<\/strong> \u2013 ZGODNE<br \/>\nKontrast spe\u0142nia wymagania.<\/li>\n<\/ul>\n<p><strong>Funkcjonalno\u015b\u0107 (Operable)<\/strong><\/p>\n<ul>\n<li><strong>2.1.1 Klawiatura<\/strong> \u2013 ZGODNE<br \/>\nStrona dost\u0119pna z poziomu klawiatury.<\/li>\n<li><strong>2.4.3 Kolejno\u015b\u0107 fokusu<\/strong> \u2013 ZGODNE<br \/>\nLogiczna kolejno\u015b\u0107 nawigacji.<\/li>\n<li><strong>2.4.7 Widoczny fokus<\/strong> \u2013 ZGODNE<br \/>\nFokus widoczny dla u\u017cytkownika.<\/li>\n<\/ul>\n<p><strong>Zrozumia\u0142o\u015b\u0107 (Understandable)<\/strong><\/p>\n<ul>\n<li><strong>3.2.2 Przewidywalno\u015b\u0107<\/strong> \u2013 CZ\u0118\u015aCIOWO ZGODNE<br \/>\nBrak informacji o otwieraniu nowych okien.<\/li>\n<li><strong>3.3.1 Identyfikacja b\u0142\u0119d\u00f3w<\/strong> \u2013 CZ\u0118\u015aCIOWO ZGODNE<br \/>\nFormularze mog\u0105 nie posiada\u0107 dost\u0119pnych komunikat\u00f3w b\u0142\u0119d\u00f3w.<\/li>\n<\/ul>\n<p><strong>Solidno\u015b\u0107 (Robust)<\/strong><\/p>\n<ul>\n<li><strong>4.1.2 Nazwa, rola, warto\u015b\u0107<\/strong> \u2013 CZ\u0118\u015aCIOWO ZGODNE<br \/>\nMo\u017cliwe braki w zastosowaniu atrybut\u00f3w ARIA.<\/li>\n<\/ul>\n<p><strong>Mocne strony<\/strong><\/p>\n<ul>\n<li>Strona jest w pe\u0142ni obs\u0142ugiwana za pomoc\u0105 klawiatury.<\/li>\n<li>Logiczna kolejno\u015b\u0107 nawigacji (fokus).<\/li>\n<li>Poprawny kontrast element\u00f3w.<\/li>\n<li>sp\u00f3jne menu<\/li>\n<li>poprawne tytu\u0142y stron<\/li>\n<\/ul>\n<p>&nbsp;<\/p>\n<p><strong>U\u0142atwienia na stronie:<\/strong><\/p>\n<ul>\n<li>podwy\u017cszony kontrast<\/li>\n<li>pod\u015bwietlanie link\u00f3w<\/li>\n<li>powi\u0119kszanie tekstu<\/li>\n<li>tryb skali szaro\u015bci<\/li>\n<\/ul>\n<p>Strona internetowa jest <strong>cz\u0119\u015bciowo zgodna<\/strong> z wymaganiami WCAG 2.1 (poziom AA).<br \/>\nNajistotniejsze braki dotycz\u0105 dost\u0119pno\u015bci tre\u015bci multimedialnych, dokument\u00f3w oraz element\u00f3w graficznych.<\/p>\n<p>&nbsp;&nbsp;&nbsp;&nbsp;&nbsp;&nbsp;&nbsp;&nbsp;&nbsp;&nbsp;&nbsp;&nbsp;&nbsp;&nbsp;&nbsp;&nbsp;&nbsp;&nbsp;&nbsp;&nbsp;&nbsp;&nbsp;&nbsp;&nbsp;&nbsp;&nbsp;&nbsp;&nbsp;&nbsp;&nbsp;&nbsp;&nbsp;&nbsp;&nbsp;&nbsp;&nbsp;&nbsp;&nbsp;&nbsp;&nbsp;&nbsp;&nbsp;&nbsp;&nbsp;&nbsp;&nbsp;&nbsp;&nbsp;&nbsp;&nbsp;&nbsp;&nbsp;&nbsp;&nbsp;&nbsp;&nbsp;&nbsp;&nbsp;&nbsp;&nbsp;&nbsp;&nbsp;&nbsp;&nbsp;&nbsp;&nbsp;&nbsp;&nbsp;&nbsp;&nbsp;&nbsp;&nbsp;&nbsp;&nbsp;&nbsp;&nbsp;&nbsp;&nbsp;&nbsp;&nbsp;&nbsp;&nbsp;&nbsp;&nbsp;&nbsp;&nbsp;&nbsp;&nbsp;&nbsp;&nbsp;&nbsp;&nbsp;&nbsp;&nbsp;&nbsp;&nbsp;&nbsp;&nbsp;&nbsp; Jas\u0142o, 31.03.2026 r.<\/p>\n","protected":false},"excerpt":{"rendered":"<p>Standard: WCAG 2.1 poziom AA Zakres obejmowa\u0142 analiz\u0119: strony g\u0142\u00f3wnej serwisu wybranych podstron informacyjnych element\u00f3w multimedialnych (filmy, grafiki) dokument\u00f3w elektronicznych (PDF) funkcjonalno\u015bci nawigacyjnych i formularz Postrzegalno\u015b\u0107 (Perceivable) 1.1.1 Tre\u015b\u0107 nietekstowa \u2013 NIEZGODNE Brak tekst\u00f3w alternatywnych dla cz\u0119\u015bci grafik. 1.2.2 Napisy (nagrania) \u2013 NIEZGODNE Materia\u0142y wideo nie posiadaj\u0105 napis\u00f3w. 1.2.3 Audiodeskrypcja\u2026 <a class=\"continue-reading-link\" href=\"https:\/\/www.pm10jaslo.pl\/?page_id=22346\">Czytaj dalej<\/a><\/p>\n","protected":false},"author":1,"featured_media":0,"parent":0,"menu_order":0,"comment_status":"closed","ping_status":"closed","template":"","meta":{"ngg_post_thumbnail":0,"footnotes":""},"class_list":["post-22346","page","type-page","status-publish","hentry"],"_links":{"self":[{"href":"https:\/\/www.pm10jaslo.pl\/index.php?rest_route=\/wp\/v2\/pages\/22346","targetHints":{"allow":["GET"]}}],"collection":[{"href":"https:\/\/www.pm10jaslo.pl\/index.php?rest_route=\/wp\/v2\/pages"}],"about":[{"href":"https:\/\/www.pm10jaslo.pl\/index.php?rest_route=\/wp\/v2\/types\/page"}],"author":[{"embeddable":true,"href":"https:\/\/www.pm10jaslo.pl\/index.php?rest_route=\/wp\/v2\/users\/1"}],"replies":[{"embeddable":true,"href":"https:\/\/www.pm10jaslo.pl\/index.php?rest_route=%2Fwp%2Fv2%2Fcomments&post=22346"}],"version-history":[{"count":1,"href":"https:\/\/www.pm10jaslo.pl\/index.php?rest_route=\/wp\/v2\/pages\/22346\/revisions"}],"predecessor-version":[{"id":22347,"href":"https:\/\/www.pm10jaslo.pl\/index.php?rest_route=\/wp\/v2\/pages\/22346\/revisions\/22347"}],"wp:attachment":[{"href":"https:\/\/www.pm10jaslo.pl\/index.php?rest_route=%2Fwp%2Fv2%2Fmedia&parent=22346"}],"curies":[{"name":"wp","href":"https:\/\/api.w.org\/{rel}","templated":true}]}}