{"id":22343,"date":"2026-04-02T17:25:08","date_gmt":"2026-04-02T17:25:08","guid":{"rendered":"https:\/\/www.pm10jaslo.pl\/?page_id=22343"},"modified":"2026-04-02T17:25:08","modified_gmt":"2026-04-02T17:25:08","slug":"dostepnosc-komunikacyjno-informacyjna","status":"publish","type":"page","link":"https:\/\/www.pm10jaslo.pl\/?page_id=22343","title":{"rendered":"Dost\u0119pno\u015b\u0107 komunikacyjno-informacyjna"},"content":{"rendered":"<p><strong>KROK 1. Wybierz preferowany przez siebie spos\u00f3b komunikacji<\/strong><\/p>\n<p>Osoba zainteresowana za\u0142atwieniem sprawy i chc\u0105ca skorzysta\u0107 z osobistej pomocy t\u0142umacza mo\u017ce wybra\u0107 jedn\u0105 z form kontaktu:<\/p>\n<p>e-mail: <a href=\"mailto:pm10@um.jaslo.pl\">pm10@um.jaslo.pl<\/a><\/p>\n<p>telefon: 1344 630 16<\/p>\n<p>i dokona\u0107 zg\u0142oszenia w celu rezerwacji wizyty.<\/p>\n<p>Zg\u0142oszenie powinno zawiera\u0107:<\/p>\n<ul>\n<li>imi\u0119 i nazwisko osoby zainteresowanej;<\/li>\n<li>propozycj\u0119 terminu;<\/li>\n<li>kr\u00f3tkie okre\u015blenie sprawy;<\/li>\n<li>kontakt zwrotny, na kt\u00f3ry zostanie nades\u0142ana informacja z potwierdzeniem spotkania.<\/li>\n<\/ul>\n<p>W zg\u0142oszeniu zaznacz koniecznie czy komunikujesz si\u0119&nbsp; w polskim j\u0119zyku migowym (PJM), systemie j\u0119zykowo-migowym (SJM) czy sposobie komunikowania si\u0119 os\u00f3b g\u0142uchoniewidomych (SKOGN).<\/p>\n<p><strong>&nbsp;KROK 2 Po wyborze formy kontaktu wy\u015blij zg\u0142oszenie<\/strong><\/p>\n<ul>\n<li>Zg\u0142oszenia przes\u0142ane poczt\u0105 elektroniczn\u0105, w dni wolne lub poza godzinami pracy przedszkola b\u0119d\u0105 rejestrowane i potwierdzane, w pierwszy dzie\u0144 roboczy nast\u0119puj\u0105cy po dacie odbioru maila.<\/li>\n<li><strong>Termin um\u00f3wienia spotkania zale\u017cy od aktualnej dost\u0119pno\u015bci t\u0142umacza.<\/strong> O miejscu i terminie spotkania online z t\u0142umaczem, dyrektor przedszkola poinformuje w dniu rejestracji na adres mail lub numer telefonu podany przez osob\u0119 zainteresowan\u0105 w zg\u0142oszeniu.<\/li>\n<\/ul>\n<p><strong>KROK 3 Przyjd\u017a w um\u00f3wione miejsce o um\u00f3wionej porze<\/strong><\/p>\n<ul>\n<li>Przedszkole Miejskie nr 10 w Ja\u015ble, udost\u0119pnia dokumenty niezb\u0119dne do za\u0142atwienia sprawy, w formie dost\u0119pnej dla os\u00f3b uprawnionych, na ich wniosek.<\/li>\n<\/ul>\n<p>&nbsp;&nbsp;&nbsp;&nbsp;&nbsp;&nbsp;&nbsp;&nbsp;&nbsp;&nbsp;&nbsp;&nbsp;&nbsp;&nbsp;&nbsp;&nbsp;&nbsp;&nbsp;&nbsp;&nbsp;&nbsp;&nbsp;&nbsp;&nbsp;&nbsp;&nbsp;&nbsp;&nbsp;&nbsp;&nbsp;&nbsp;&nbsp;&nbsp;&nbsp;&nbsp;&nbsp;&nbsp;&nbsp;&nbsp;&nbsp;&nbsp;&nbsp;&nbsp;&nbsp;&nbsp;&nbsp;&nbsp;&nbsp;&nbsp;&nbsp;&nbsp;&nbsp;&nbsp;&nbsp;&nbsp;&nbsp;&nbsp;&nbsp;&nbsp;&nbsp;&nbsp;&nbsp;&nbsp;&nbsp;&nbsp;&nbsp;&nbsp;&nbsp;&nbsp;&nbsp;&nbsp;&nbsp;&nbsp;&nbsp;&nbsp;&nbsp;&nbsp;&nbsp;&nbsp;&nbsp;&nbsp;&nbsp;&nbsp;&nbsp;&nbsp;&nbsp; Jas\u0142o, 31.03.2026 r.<\/p>\n","protected":false},"excerpt":{"rendered":"<p>KROK 1. Wybierz preferowany przez siebie spos\u00f3b komunikacji Osoba zainteresowana za\u0142atwieniem sprawy i chc\u0105ca skorzysta\u0107 z osobistej pomocy t\u0142umacza mo\u017ce wybra\u0107 jedn\u0105 z form kontaktu: e-mail: pm10@um.jaslo.pl telefon: 1344 630 16 i dokona\u0107 zg\u0142oszenia w celu rezerwacji wizyty. Zg\u0142oszenie powinno zawiera\u0107: imi\u0119 i nazwisko osoby zainteresowanej; propozycj\u0119 terminu; kr\u00f3tkie okre\u015blenie\u2026 <a class=\"continue-reading-link\" href=\"https:\/\/www.pm10jaslo.pl\/?page_id=22343\">Czytaj dalej<\/a><\/p>\n","protected":false},"author":1,"featured_media":0,"parent":0,"menu_order":0,"comment_status":"closed","ping_status":"closed","template":"","meta":{"ngg_post_thumbnail":0,"footnotes":""},"class_list":["post-22343","page","type-page","status-publish","hentry"],"_links":{"self":[{"href":"https:\/\/www.pm10jaslo.pl\/index.php?rest_route=\/wp\/v2\/pages\/22343","targetHints":{"allow":["GET"]}}],"collection":[{"href":"https:\/\/www.pm10jaslo.pl\/index.php?rest_route=\/wp\/v2\/pages"}],"about":[{"href":"https:\/\/www.pm10jaslo.pl\/index.php?rest_route=\/wp\/v2\/types\/page"}],"author":[{"embeddable":true,"href":"https:\/\/www.pm10jaslo.pl\/index.php?rest_route=\/wp\/v2\/users\/1"}],"replies":[{"embeddable":true,"href":"https:\/\/www.pm10jaslo.pl\/index.php?rest_route=%2Fwp%2Fv2%2Fcomments&post=22343"}],"version-history":[{"count":1,"href":"https:\/\/www.pm10jaslo.pl\/index.php?rest_route=\/wp\/v2\/pages\/22343\/revisions"}],"predecessor-version":[{"id":22344,"href":"https:\/\/www.pm10jaslo.pl\/index.php?rest_route=\/wp\/v2\/pages\/22343\/revisions\/22344"}],"wp:attachment":[{"href":"https:\/\/www.pm10jaslo.pl\/index.php?rest_route=%2Fwp%2Fv2%2Fmedia&parent=22343"}],"curies":[{"name":"wp","href":"https:\/\/api.w.org\/{rel}","templated":true}]}}