{"id":20436,"date":"2023-02-08T19:45:55","date_gmt":"2023-02-08T19:45:55","guid":{"rendered":"http:\/\/www.pm10jaslo.pl\/?page_id=20436"},"modified":"2025-09-14T18:02:15","modified_gmt":"2025-09-14T18:02:15","slug":"psycholog","status":"publish","type":"page","link":"https:\/\/www.pm10jaslo.pl\/?page_id=20436","title":{"rendered":"Psycholog"},"content":{"rendered":"\n<p class=\"has-text-align-left\">Zaj\u0119cia rozwijaj\u0105ce kompetencje emocjonalno-spo\u0142eczne prowadzi psycholog i certyfikowany<br>trener TUS \u2013 mgr Klaudia Janicka, w nast\u0119puj\u0105ce dni:<br>poniedzia\u0142ek 8.00 \u2013 14.00<br>wtorek 8.00 \u2013 14.00<br>\u015broda 8.00 \u2013 12.00<br>G\u0142\u00f3wnym celem tych zaj\u0119\u0107 jest rozwijanie inteligencji emocjonalnej i spo\u0142ecznej oraz zwi\u0105zanych<br>z tym kompetencji. Dzieci poprzez zabaw\u0119 podejmuj\u0105 \u0107wiczenia dotycz\u0105ce obszaru emocji, norm<br>spo\u0142ecznych, komunikacji interpersonalnej, teorii umys\u0142u, asertywno\u015bci, radzenia sobie<br>w sytuacjach trudnych, wsp\u00f3\u0142pracy, samowiedzy i samo\u015bwiadomo\u015bci.<br>Podczas zaj\u0119\u0107 psycholog aplikuje narz\u0119dzia i metody dostosowane do indywidualnych potrzeb<br>i mo\u017cliwo\u015bci psychofizycznych dzieci, najcz\u0119\u015bciej jest to: praca w kr\u0119gu, praca z tekstem lub<br>komiksem, modelowanie, gotowe instrukcje, \u0107wiczenia oddechowe i relaksacyjne, praca ze<br>zdj\u0119ciami lub obrazkami, karty pracy, praca w parach i grupach, odgrywanie scenek i elementy<br>dramy, elementy muzykoterapii, rozwi\u0105zywanie problem\u00f3w, informacje zwrotne, metody<br>dodatkowe (\u0107wiczenia fizyczne i zabawy ruchowe, aktywno\u015b\u0107 plastyczna, zabawy sensoryczne, gry<br>interakcyjne, gry planszowe).<br>W ka\u017cdej grupie przedszkolnej psycholog na bie\u017c\u0105co towarzyszy dzieciom w prze\u017cywanych<br>trudno\u015bciach, pomaga w wyra\u017caniu emocji z nimi zwi\u0105zanych, pokazuje i dostarcza umiej\u0119tno\u015bci,<br>kt\u00f3re pozwalaj\u0105 sobie z nimi radzi\u0107.<\/p>\n\n\n<p><img loading=\"lazy\" decoding=\"async\" class=\"aligncenter size-full wp-image-21867\" src=\"http:\/\/www.pm10jaslo.pl\/wp-content\/uploads\/2025\/03\/1.jpg\" alt=\"\" width=\"600\" height=\"1067\" srcset=\"https:\/\/www.pm10jaslo.pl\/wp-content\/uploads\/2025\/03\/1.jpg 600w, https:\/\/www.pm10jaslo.pl\/wp-content\/uploads\/2025\/03\/1-169x300.jpg 169w, https:\/\/www.pm10jaslo.pl\/wp-content\/uploads\/2025\/03\/1-576x1024.jpg 576w, https:\/\/www.pm10jaslo.pl\/wp-content\/uploads\/2025\/03\/1-84x150.jpg 84w\" sizes=\"auto, (max-width: 600px) 100vw, 600px\" \/> <img loading=\"lazy\" decoding=\"async\" class=\"aligncenter size-full wp-image-21868\" src=\"http:\/\/www.pm10jaslo.pl\/wp-content\/uploads\/2025\/03\/2-2.jpg\" alt=\"\" width=\"800\" height=\"581\" srcset=\"https:\/\/www.pm10jaslo.pl\/wp-content\/uploads\/2025\/03\/2-2.jpg 800w, https:\/\/www.pm10jaslo.pl\/wp-content\/uploads\/2025\/03\/2-2-300x218.jpg 300w, https:\/\/www.pm10jaslo.pl\/wp-content\/uploads\/2025\/03\/2-2-768x558.jpg 768w, https:\/\/www.pm10jaslo.pl\/wp-content\/uploads\/2025\/03\/2-2-207x150.jpg 207w, https:\/\/www.pm10jaslo.pl\/wp-content\/uploads\/2025\/03\/2-2-150x109.jpg 150w\" sizes=\"auto, (max-width: 800px) 100vw, 800px\" \/> <img loading=\"lazy\" decoding=\"async\" class=\"aligncenter size-full wp-image-21869\" src=\"http:\/\/www.pm10jaslo.pl\/wp-content\/uploads\/2025\/03\/3.jpg\" alt=\"\" width=\"600\" height=\"1010\" srcset=\"https:\/\/www.pm10jaslo.pl\/wp-content\/uploads\/2025\/03\/3.jpg 600w, https:\/\/www.pm10jaslo.pl\/wp-content\/uploads\/2025\/03\/3-178x300.jpg 178w, https:\/\/www.pm10jaslo.pl\/wp-content\/uploads\/2025\/03\/3-89x150.jpg 89w\" sizes=\"auto, (max-width: 600px) 100vw, 600px\" \/> <img loading=\"lazy\" decoding=\"async\" class=\"aligncenter size-full wp-image-21870\" src=\"http:\/\/www.pm10jaslo.pl\/wp-content\/uploads\/2025\/03\/4-1.jpg\" alt=\"\" width=\"800\" height=\"583\" srcset=\"https:\/\/www.pm10jaslo.pl\/wp-content\/uploads\/2025\/03\/4-1.jpg 800w, https:\/\/www.pm10jaslo.pl\/wp-content\/uploads\/2025\/03\/4-1-300x219.jpg 300w, https:\/\/www.pm10jaslo.pl\/wp-content\/uploads\/2025\/03\/4-1-768x560.jpg 768w, https:\/\/www.pm10jaslo.pl\/wp-content\/uploads\/2025\/03\/4-1-206x150.jpg 206w, https:\/\/www.pm10jaslo.pl\/wp-content\/uploads\/2025\/03\/4-1-150x109.jpg 150w\" sizes=\"auto, (max-width: 800px) 100vw, 800px\" \/><\/p>\n\n\n<p><\/p>\n","protected":false},"excerpt":{"rendered":"<p>Zaj\u0119cia rozwijaj\u0105ce kompetencje emocjonalno-spo\u0142eczne prowadzi psycholog i certyfikowanytrener TUS \u2013 mgr Klaudia Janicka, w nast\u0119puj\u0105ce dni:poniedzia\u0142ek 8.00 \u2013 14.00wtorek 8.00 \u2013 14.00\u015broda 8.00 \u2013 12.00G\u0142\u00f3wnym celem tych zaj\u0119\u0107 jest rozwijanie inteligencji emocjonalnej i spo\u0142ecznej oraz zwi\u0105zanychz tym kompetencji. Dzieci poprzez zabaw\u0119 podejmuj\u0105 \u0107wiczenia dotycz\u0105ce obszaru emocji, normspo\u0142ecznych, komunikacji interpersonalnej, teorii\u2026 <a class=\"continue-reading-link\" href=\"https:\/\/www.pm10jaslo.pl\/?page_id=20436\">Czytaj dalej<\/a><\/p>\n","protected":false},"author":1,"featured_media":0,"parent":0,"menu_order":0,"comment_status":"closed","ping_status":"closed","template":"","meta":{"ngg_post_thumbnail":0,"footnotes":""},"class_list":["post-20436","page","type-page","status-publish","hentry"],"_links":{"self":[{"href":"https:\/\/www.pm10jaslo.pl\/index.php?rest_route=\/wp\/v2\/pages\/20436","targetHints":{"allow":["GET"]}}],"collection":[{"href":"https:\/\/www.pm10jaslo.pl\/index.php?rest_route=\/wp\/v2\/pages"}],"about":[{"href":"https:\/\/www.pm10jaslo.pl\/index.php?rest_route=\/wp\/v2\/types\/page"}],"author":[{"embeddable":true,"href":"https:\/\/www.pm10jaslo.pl\/index.php?rest_route=\/wp\/v2\/users\/1"}],"replies":[{"embeddable":true,"href":"https:\/\/www.pm10jaslo.pl\/index.php?rest_route=%2Fwp%2Fv2%2Fcomments&post=20436"}],"version-history":[{"count":5,"href":"https:\/\/www.pm10jaslo.pl\/index.php?rest_route=\/wp\/v2\/pages\/20436\/revisions"}],"predecessor-version":[{"id":22142,"href":"https:\/\/www.pm10jaslo.pl\/index.php?rest_route=\/wp\/v2\/pages\/20436\/revisions\/22142"}],"wp:attachment":[{"href":"https:\/\/www.pm10jaslo.pl\/index.php?rest_route=%2Fwp%2Fv2%2Fmedia&parent=20436"}],"curies":[{"name":"wp","href":"https:\/\/api.w.org\/{rel}","templated":true}]}}