{"id":19296,"date":"2021-10-22T14:06:20","date_gmt":"2021-10-22T14:06:20","guid":{"rendered":"http:\/\/www.pm10jaslo.pl\/?page_id=19296"},"modified":"2021-10-24T16:41:00","modified_gmt":"2021-10-24T16:41:00","slug":"tlumacz-migowy","status":"publish","type":"page","link":"https:\/\/www.pm10jaslo.pl\/?page_id=19296","title":{"rendered":"T\u0142umacz migowy"},"content":{"rendered":"<p style=\"text-align: justify;\">W kontakcie z Przedszkolem Miejskim Nr 10 (g\u0142ucha lub g\u0142uchoniewidoma) ma prawo do po\u015brednictwa osoby t\u0142umacza j\u0119zyka migowego.<\/p>\n<p style=\"text-align: justify;\"><strong>\u015awiadczenie to jest BEZP\u0141ATNE i przeznaczone dla<\/strong> os\u00f3b uprawnionych b\u0119d\u0105cych osobami niepe\u0142nosprawnymi w rozumieniu ustawy z dnia 27 sierpnia 1997 r. o rehabilitacji zawodowej i spo\u0142ecznej oraz zatrudnianiu os\u00f3b niepe\u0142nosprawnych.<\/p>\n<p style=\"text-align: justify;\"><strong>Informacja dla osoby uprawnionej<\/strong><\/p>\n<p style=\"text-align: justify;\">Osoby nies\u0142ysz\u0105ce i maj\u0105ce trudno\u015bci w komunikowaniu si\u0119, chc\u0105c za\u0142atwi\u0107 spraw\u0119&nbsp; w Przedszkolu Miejskim Nr 10 w Ja\u015ble z pomoc\u0105 t\u0142umacza j\u0119zyka migowego zobowi\u0105zane s\u0105 do zg\u0142oszenia ch\u0119ci skorzystania ze \u015bwiadczenia ze wskazaniem wybranej metody komunikowania si\u0119 z <strong>3 dniowym<\/strong> wyprzedzeniem i dokona\u0107 zg\u0142oszenia w celu rezerwacji wizyty.<\/p>\n<p style=\"text-align: justify;\"><strong>KROK 1. Wybierz preferowany przez siebie spos\u00f3b komunikacji<\/strong><\/p>\n<p style=\"text-align: justify;\">Osoba zainteresowana za\u0142atwieniem sprawy j i chc\u0105ca skorzysta\u0107 z osobistej pomocy t\u0142umacza mo\u017ce wybra\u0107 jedn\u0105 z form kontaktu:<\/p>\n<ul style=\"text-align: justify;\">\n<li>e-mail pod adres : pm10@um.jaslo.pl<\/li>\n<li>telefon pod numer: 134463016<\/li>\n<\/ul>\n<p style=\"text-align: justify;\">i dokona\u0107 zg\u0142oszenia w celu rezerwacji wizyty.<\/p>\n<p style=\"text-align: justify;\">Zg\u0142oszenie powinno zawiera\u0107:<\/p>\n<ul style=\"text-align: justify;\">\n<li>imi\u0119 i nazwisko osoby zainteresowanej;<\/li>\n<li>propozycj\u0119 terminu;<\/li>\n<li>kr\u00f3tkie okre\u015blenie sprawy;<\/li>\n<li>kontakt zwrotny, na kt\u00f3ry zostanie nades\u0142ana informacja z potwierdzeniem spotkania.<\/li>\n<\/ul>\n<p style=\"text-align: justify;\">W zg\u0142oszeniu zaznacz koniecznie czy komunikujesz si\u0119&nbsp; w polskim j\u0119zyku migowym (PJM), systemie j\u0119zykowo-migowym (SJM) czy sposobie komunikowania si\u0119 os\u00f3b g\u0142uchoniewidomych (SKOGN).<\/p>\n<p style=\"text-align: justify;\"><strong>KROK 2 Po wyborze formy kontaktu wy\u015blij zg\u0142oszenie<\/strong><\/p>\n<p style=\"text-align: justify;\">Zg\u0142oszenia przes\u0142ane poczt\u0105 elektroniczn\u0105, w dni wolne lub poza godzinami pracy przedszkola b\u0119d\u0105 rejestrowane i potwierdzane, w pierwszy dzie\u0144 roboczy nast\u0119puj\u0105cy po dacie odbioru maila.<\/p>\n<p style=\"text-align: justify;\"><strong>Termin um\u00f3wienia spotkania zale\u017cy od aktualnej dost\u0119pno\u015bci t\u0142umacza.<\/strong> O miejscu i terminie spotkania on line z t\u0142umaczem, dyrektor przedszkola poinformuje w dniu rejestracji na adres mail lub numer telefonu podany przez osob\u0119 zainteresowan\u0105 w zg\u0142oszeniu.<\/p>\n<p style=\"text-align: justify;\"><strong>KROK 3 Przyjd\u017a w um\u00f3wione miejsce o um\u00f3wionej porze<\/strong><\/p>\n<p style=\"text-align: justify;\">Przedszkole Miejskie Nr 10 w Ja\u015ble udost\u0119pnia dokumenty niezb\u0119dne do za\u0142atwienia sprawy, w formie dost\u0119pnej dla os\u00f3b uprawnionych, na ich wniosek.<\/p>\n<p>PLIK DO POBRANIA: <strong><a href=\"http:\/\/www.pm10jaslo.pl\/wp-content\/uploads\/2021\/10\/Wniosek-o-swiadczenie-z-uslug-tlumacza.pdf\" target=\"_blank\" rel=\"noopener\">Wniosek o \u015bwiadczenie z us\u0142ug t\u0142umacza<\/a><\/strong><\/p>\n","protected":false},"excerpt":{"rendered":"<p>W kontakcie z Przedszkolem Miejskim Nr 10 (g\u0142ucha lub g\u0142uchoniewidoma) ma prawo do po\u015brednictwa osoby t\u0142umacza j\u0119zyka migowego. \u015awiadczenie to jest BEZP\u0141ATNE i przeznaczone dla os\u00f3b uprawnionych b\u0119d\u0105cych osobami niepe\u0142nosprawnymi w rozumieniu ustawy z dnia 27 sierpnia 1997 r. o rehabilitacji zawodowej i spo\u0142ecznej oraz zatrudnianiu os\u00f3b niepe\u0142nosprawnych. Informacja dla\u2026 <a class=\"continue-reading-link\" href=\"https:\/\/www.pm10jaslo.pl\/?page_id=19296\">Czytaj dalej<\/a><\/p>\n","protected":false},"author":1,"featured_media":0,"parent":0,"menu_order":0,"comment_status":"closed","ping_status":"closed","template":"","meta":{"ngg_post_thumbnail":0,"footnotes":""},"class_list":["post-19296","page","type-page","status-publish","hentry"],"_links":{"self":[{"href":"https:\/\/www.pm10jaslo.pl\/index.php?rest_route=\/wp\/v2\/pages\/19296","targetHints":{"allow":["GET"]}}],"collection":[{"href":"https:\/\/www.pm10jaslo.pl\/index.php?rest_route=\/wp\/v2\/pages"}],"about":[{"href":"https:\/\/www.pm10jaslo.pl\/index.php?rest_route=\/wp\/v2\/types\/page"}],"author":[{"embeddable":true,"href":"https:\/\/www.pm10jaslo.pl\/index.php?rest_route=\/wp\/v2\/users\/1"}],"replies":[{"embeddable":true,"href":"https:\/\/www.pm10jaslo.pl\/index.php?rest_route=%2Fwp%2Fv2%2Fcomments&post=19296"}],"version-history":[{"count":5,"href":"https:\/\/www.pm10jaslo.pl\/index.php?rest_route=\/wp\/v2\/pages\/19296\/revisions"}],"predecessor-version":[{"id":19313,"href":"https:\/\/www.pm10jaslo.pl\/index.php?rest_route=\/wp\/v2\/pages\/19296\/revisions\/19313"}],"wp:attachment":[{"href":"https:\/\/www.pm10jaslo.pl\/index.php?rest_route=%2Fwp%2Fv2%2Fmedia&parent=19296"}],"curies":[{"name":"wp","href":"https:\/\/api.w.org\/{rel}","templated":true}]}}