{"id":1652,"date":"2015-02-12T07:09:44","date_gmt":"2015-02-12T07:09:44","guid":{"rendered":"http:\/\/www.pm10jaslo.pl\/?page_id=1652"},"modified":"2015-02-21T18:58:22","modified_gmt":"2015-02-21T18:58:22","slug":"rok-szkoly-w-ruchu","status":"publish","type":"page","link":"https:\/\/www.pm10jaslo.pl\/?page_id=1652","title":{"rendered":"Rok szko\u0142y w ruchu"},"content":{"rendered":"<hr \/>\n<p><a href=\"http:\/\/www.pm10jaslo.pl\/wp-content\/uploads\/2015\/02\/rok-szkoly-w-ruchu.jpg\"><img loading=\"lazy\" decoding=\"async\" class=\" size-full wp-image-1667 aligncenter\" src=\"http:\/\/www.pm10jaslo.pl\/wp-content\/uploads\/2015\/02\/rok-szkoly-w-ruchu.jpg\" alt=\"rok szkoly w ruchu\" width=\"350\" height=\"160\" srcset=\"https:\/\/www.pm10jaslo.pl\/wp-content\/uploads\/2015\/02\/rok-szkoly-w-ruchu.jpg 350w, https:\/\/www.pm10jaslo.pl\/wp-content\/uploads\/2015\/02\/rok-szkoly-w-ruchu-300x137.jpg 300w, https:\/\/www.pm10jaslo.pl\/wp-content\/uploads\/2015\/02\/rok-szkoly-w-ruchu-250x114.jpg 250w, https:\/\/www.pm10jaslo.pl\/wp-content\/uploads\/2015\/02\/rok-szkoly-w-ruchu-150x69.jpg 150w\" sizes=\"auto, (max-width: 350px) 100vw, 350px\" \/><\/a><\/p>\n<p style=\"text-align: justify;\">Minister Edukacji Narodowej og\u0142osi\u0142 rok szko\u0142y 2013\/2014 <strong>\u201eRokiem Szko\u0142y w Ruchu\u201d<\/strong> maj\u0105c na wzgl\u0119dzie konieczno\u015b\u0107 wzmacniania kondycji fizycznej i psychicznej, promowania aktywno\u015bci fizycznej i zdrowego trybu \u017cycia w\u015br\u00f3d dzieci i m\u0142odzie\u017cy. Og\u0142osi\u0142 r\u00f3wnie\u017c akcj\u0119: \u201e\u0106wiczy\u0107 ka\u017cdy mo\u017ce\u201d skierowan\u0105 do dyrektor\u00f3w szk\u00f3\u0142 i przedszkoli, nauczycieli oraz uczni\u00f3w. W zwi\u0105zku z powy\u017cszym, \u017ce nasze przedszkole jest plac\u00f3wk\u0105 promuj\u0105c\u0105 zdrowie przyst\u0105pili\u015bmy do tej akcji: \u201e\u0106wiczy\u0107 ka\u017cdy mo\u017ce\u201d. Koordynatorem akcji jest Pani Barbara Matkowska. Celem tej akcji jest: promocja aktywnego trybu \u017cycia, kszta\u0142towanie prawid\u0142owych nawyk\u00f3w u dzieci oraz\u00a0 podejmowanie dzia\u0142a\u0144 na rzecz ich bezpiecze\u0144stwa.<br \/>\nWi\u0119cej na ten temat na stronie <strong><a title=\"rok szkoly w ruchu\" href=\"http:\/\/www.szkolawruchu.men.gov.pl\/index.php\/mapa-szkol-bioracych-udzial-w-akcji\" target=\"_blank\">http:\/\/www.szkolawruchu.men.gov.pl<\/a><\/strong><\/p>\n<p style=\"text-align: justify;\"><img loading=\"lazy\" decoding=\"async\" class=\"aligncenter size-large wp-image-1807\" src=\"http:\/\/www.pm10jaslo.pl\/wp-content\/uploads\/2015\/02\/graf3-1024x577.jpg\" alt=\"graf3\" width=\"800\" height=\"451\" srcset=\"https:\/\/www.pm10jaslo.pl\/wp-content\/uploads\/2015\/02\/graf3-1024x577.jpg 1024w, https:\/\/www.pm10jaslo.pl\/wp-content\/uploads\/2015\/02\/graf3-300x169.jpg 300w, https:\/\/www.pm10jaslo.pl\/wp-content\/uploads\/2015\/02\/graf3-250x141.jpg 250w, https:\/\/www.pm10jaslo.pl\/wp-content\/uploads\/2015\/02\/graf3-150x85.jpg 150w, https:\/\/www.pm10jaslo.pl\/wp-content\/uploads\/2015\/02\/graf3.jpg 1579w\" sizes=\"auto, (max-width: 800px) 100vw, 800px\" \/><\/p>\n<p style=\"text-align: right;\"><strong>Powr\u00f3t do:<a title=\"Realizowane projekty\" href=\"http:\/\/www.pm10jaslo.pl\/?page_id=56\"> REALIZOWANE PROJEKTY<\/a><\/strong><\/p>\n","protected":false},"excerpt":{"rendered":"<p>Minister Edukacji Narodowej og\u0142osi\u0142 rok szko\u0142y 2013\/2014 \u201eRokiem Szko\u0142y w Ruchu\u201d maj\u0105c na wzgl\u0119dzie konieczno\u015b\u0107 wzmacniania kondycji fizycznej i psychicznej, promowania aktywno\u015bci fizycznej i zdrowego trybu \u017cycia w\u015br\u00f3d dzieci i m\u0142odzie\u017cy. Og\u0142osi\u0142 r\u00f3wnie\u017c akcj\u0119: \u201e\u0106wiczy\u0107 ka\u017cdy mo\u017ce\u201d skierowan\u0105 do dyrektor\u00f3w szk\u00f3\u0142 i przedszkoli, nauczycieli oraz uczni\u00f3w. W zwi\u0105zku z powy\u017cszym,\u2026 <a class=\"continue-reading-link\" href=\"https:\/\/www.pm10jaslo.pl\/?page_id=1652\">Czytaj dalej<\/a><\/p>\n","protected":false},"author":1,"featured_media":0,"parent":0,"menu_order":0,"comment_status":"closed","ping_status":"open","template":"","meta":{"ngg_post_thumbnail":0,"footnotes":""},"class_list":["post-1652","page","type-page","status-publish","hentry"],"_links":{"self":[{"href":"https:\/\/www.pm10jaslo.pl\/index.php?rest_route=\/wp\/v2\/pages\/1652","targetHints":{"allow":["GET"]}}],"collection":[{"href":"https:\/\/www.pm10jaslo.pl\/index.php?rest_route=\/wp\/v2\/pages"}],"about":[{"href":"https:\/\/www.pm10jaslo.pl\/index.php?rest_route=\/wp\/v2\/types\/page"}],"author":[{"embeddable":true,"href":"https:\/\/www.pm10jaslo.pl\/index.php?rest_route=\/wp\/v2\/users\/1"}],"replies":[{"embeddable":true,"href":"https:\/\/www.pm10jaslo.pl\/index.php?rest_route=%2Fwp%2Fv2%2Fcomments&post=1652"}],"version-history":[{"count":11,"href":"https:\/\/www.pm10jaslo.pl\/index.php?rest_route=\/wp\/v2\/pages\/1652\/revisions"}],"predecessor-version":[{"id":2043,"href":"https:\/\/www.pm10jaslo.pl\/index.php?rest_route=\/wp\/v2\/pages\/1652\/revisions\/2043"}],"wp:attachment":[{"href":"https:\/\/www.pm10jaslo.pl\/index.php?rest_route=%2Fwp%2Fv2%2Fmedia&parent=1652"}],"curies":[{"name":"wp","href":"https:\/\/api.w.org\/{rel}","templated":true}]}}