{"id":13987,"date":"2018-01-23T19:56:44","date_gmt":"2018-01-23T19:56:44","guid":{"rendered":"http:\/\/www.pm10jaslo.pl\/?page_id=13987"},"modified":"2018-01-23T20:03:17","modified_gmt":"2018-01-23T20:03:17","slug":"mikolaj-2017-w-przedszkolu-miejskim-nr-10-w-jasle","status":"publish","type":"page","link":"https:\/\/www.pm10jaslo.pl\/?page_id=13987","title":{"rendered":"Miko\u0142aj 2017 w Przedszkolu Miejskim Nr 10 w Ja\u015ble"},"content":{"rendered":"<p><strong>Filmowanie i monta\u017c Jacek Wojciechowski<\/strong><\/p>\n<p><iframe loading=\"lazy\" width=\"560\" height=\"315\" src=\"https:\/\/www.youtube.com\/embed\/7O_oyv73nsE?rel=0\" frameborder=\"0\" allow=\"autoplay; encrypted-media\" allowfullscreen><\/iframe><\/p>\n","protected":false},"excerpt":{"rendered":"<p>Filmowanie i monta\u017c Jacek Wojciechowski <a class=\"continue-reading-link\" href=\"https:\/\/www.pm10jaslo.pl\/?page_id=13987\">Czytaj dalej<\/a><\/p>\n","protected":false},"author":1,"featured_media":0,"parent":0,"menu_order":0,"comment_status":"closed","ping_status":"closed","template":"","meta":{"ngg_post_thumbnail":0,"footnotes":""},"class_list":["post-13987","page","type-page","status-publish","hentry"],"_links":{"self":[{"href":"https:\/\/www.pm10jaslo.pl\/index.php?rest_route=\/wp\/v2\/pages\/13987","targetHints":{"allow":["GET"]}}],"collection":[{"href":"https:\/\/www.pm10jaslo.pl\/index.php?rest_route=\/wp\/v2\/pages"}],"about":[{"href":"https:\/\/www.pm10jaslo.pl\/index.php?rest_route=\/wp\/v2\/types\/page"}],"author":[{"embeddable":true,"href":"https:\/\/www.pm10jaslo.pl\/index.php?rest_route=\/wp\/v2\/users\/1"}],"replies":[{"embeddable":true,"href":"https:\/\/www.pm10jaslo.pl\/index.php?rest_route=%2Fwp%2Fv2%2Fcomments&post=13987"}],"version-history":[{"count":4,"href":"https:\/\/www.pm10jaslo.pl\/index.php?rest_route=\/wp\/v2\/pages\/13987\/revisions"}],"predecessor-version":[{"id":13992,"href":"https:\/\/www.pm10jaslo.pl\/index.php?rest_route=\/wp\/v2\/pages\/13987\/revisions\/13992"}],"wp:attachment":[{"href":"https:\/\/www.pm10jaslo.pl\/index.php?rest_route=%2Fwp%2Fv2%2Fmedia&parent=13987"}],"curies":[{"name":"wp","href":"https:\/\/api.w.org\/{rel}","templated":true}]}}