{"id":707,"date":"2024-04-21T16:26:04","date_gmt":"2024-04-21T14:26:04","guid":{"rendered":"http:\/\/www.pm10jaslo.pl\/bip\/?page_id=707"},"modified":"2025-09-22T20:49:17","modified_gmt":"2025-09-22T18:49:17","slug":"zarzadzenia-2024","status":"publish","type":"page","link":"https:\/\/www.pm10jaslo.pl\/bip\/?page_id=707","title":{"rendered":"Zarz\u0105dzenia 2024"},"content":{"rendered":"<p><strong><a href=\"http:\/\/www.pm10jaslo.pl\/bip\/wp-content\/uploads\/sites\/3\/2024\/04\/Zarzadzenie-Nr-1-komisja.pdf\">Zarz\u0105dzenie Nr 1-2024<\/a><\/strong><\/p>\n<p><strong><a href=\"http:\/\/www.pm10jaslo.pl\/bip\/wp-content\/uploads\/sites\/3\/2024\/04\/Zarzadzenie-Nr-2-regulamin.pdf\">Zarz\u0105dzenie Nr 2-2024<\/a><\/strong><\/p>\n<p><strong><a href=\"http:\/\/www.pm10jaslo.pl\/bip\/wp-content\/uploads\/sites\/3\/2024\/04\/ZARZADZENIE-NR-3-likwiadacja-srodkow-trwalych.pdf\">Zarz\u0105dzenie Nr 3-2024<\/a><\/strong><\/p>\n<p><strong><a href=\"http:\/\/www.pm10jaslo.pl\/bip\/wp-content\/uploads\/sites\/3\/2024\/10\/Zarzadzenie-Nr-4.pdf\">Zarz\u0105dzenie Nr 4-2024<\/a><\/strong><\/p>\n<p><strong><a href=\"http:\/\/www.pm10jaslo.pl\/bip\/wp-content\/uploads\/sites\/3\/2024\/10\/ZARZADZENIE-NR-5-dyzur-wakacyjny.pdf\">Zarzadzenie Nr 5-2024<\/a><\/strong><\/p>\n<p><a href=\"http:\/\/www.pm10jaslo.pl\/bip\/wp-content\/uploads\/sites\/3\/2024\/10\/Zarzadzenie-nr-6-programy.pdf\"><strong>Zarz\u0105dzenie Nr 6-2024<\/strong><\/a><\/p>\n<p><a href=\"http:\/\/www.pm10jaslo.pl\/bip\/wp-content\/uploads\/sites\/3\/2024\/10\/Zarzadzenie-Nr-7-regulamin-dziennika-elektr..pdf\"><strong>Zarz\u0105dzenie Nr 7-2024<\/strong><\/a><\/p>\n<p><strong><a href=\"http:\/\/www.pm10jaslo.pl\/bip\/wp-content\/uploads\/sites\/3\/2024\/10\/ZARZADZENIE-NR-8-likwidacja-ksiegozbioru.pdf\">Zarz\u0105dzenie Nr 8-2024<\/a><\/strong><\/p>\n<p><a href=\"http:\/\/www.pm10jaslo.pl\/bip\/wp-content\/uploads\/sites\/3\/2025\/09\/ZARZADZENIE-Nr-8a.pdf\"><strong>Zarz\u0105dzenie Nr 8a-2024<\/strong><\/a><\/p>\n<p><strong><a href=\"http:\/\/www.pm10jaslo.pl\/bip\/wp-content\/uploads\/sites\/3\/2025\/09\/ZARZADZENIE-NR-9.pdf\">Zarz\u0105dzenie Nr 9-2024<\/a><\/strong><\/p>\n","protected":false},"excerpt":{"rendered":"<p>Zarz\u0105dzenie Nr 1-2024 Zarz\u0105dzenie Nr 2-2024 Zarz\u0105dzenie Nr 3-2024 Zarz\u0105dzenie Nr 4-2024 Zarzadzenie Nr 5-2024 Zarz\u0105dzenie Nr 6-2024 Zarz\u0105dzenie Nr 7-2024 Zarz\u0105dzenie Nr 8-2024 Zarz\u0105dzenie Nr 8a-2024 Zarz\u0105dzenie Nr 9-2024<\/p>\n","protected":false},"author":1,"featured_media":0,"parent":0,"menu_order":0,"comment_status":"closed","ping_status":"closed","template":"","meta":{"footnotes":""},"class_list":["post-707","page","type-page","status-publish","hentry"],"_links":{"self":[{"href":"https:\/\/www.pm10jaslo.pl\/bip\/index.php?rest_route=\/wp\/v2\/pages\/707","targetHints":{"allow":["GET"]}}],"collection":[{"href":"https:\/\/www.pm10jaslo.pl\/bip\/index.php?rest_route=\/wp\/v2\/pages"}],"about":[{"href":"https:\/\/www.pm10jaslo.pl\/bip\/index.php?rest_route=\/wp\/v2\/types\/page"}],"author":[{"embeddable":true,"href":"https:\/\/www.pm10jaslo.pl\/bip\/index.php?rest_route=\/wp\/v2\/users\/1"}],"replies":[{"embeddable":true,"href":"https:\/\/www.pm10jaslo.pl\/bip\/index.php?rest_route=%2Fwp%2Fv2%2Fcomments&post=707"}],"version-history":[{"count":4,"href":"https:\/\/www.pm10jaslo.pl\/bip\/index.php?rest_route=\/wp\/v2\/pages\/707\/revisions"}],"predecessor-version":[{"id":860,"href":"https:\/\/www.pm10jaslo.pl\/bip\/index.php?rest_route=\/wp\/v2\/pages\/707\/revisions\/860"}],"wp:attachment":[{"href":"https:\/\/www.pm10jaslo.pl\/bip\/index.php?rest_route=%2Fwp%2Fv2%2Fmedia&parent=707"}],"curies":[{"name":"wp","href":"https:\/\/api.w.org\/{rel}","templated":true}]}}