{"id":688,"date":"2023-08-31T19:54:35","date_gmt":"2023-08-31T17:54:35","guid":{"rendered":"http:\/\/www.pm10jaslo.pl\/bip\/?page_id=688"},"modified":"2024-04-21T16:24:43","modified_gmt":"2024-04-21T14:24:43","slug":"zarzadzenia-2023","status":"publish","type":"page","link":"https:\/\/www.pm10jaslo.pl\/bip\/?page_id=688","title":{"rendered":"Zarz\u0105dzenia 2023"},"content":{"rendered":"<p><strong><a href=\"http:\/\/www.pm10jaslo.pl\/bip\/wp-content\/uploads\/sites\/3\/2023\/08\/Zarzadzenie-Nr-1-ocena-pracy.pdf\">Zarz\u0105dzenie Nr 1-2023<\/a><\/strong><\/p>\n<p><strong><a href=\"http:\/\/www.pm10jaslo.pl\/bip\/wp-content\/uploads\/sites\/3\/2023\/08\/Zarzadzenie-Nr-2-komisja.pdf\">Zarz\u0105dzenie Nr 2-2023<\/a><\/strong><\/p>\n<p><strong><a href=\"http:\/\/www.pm10jaslo.pl\/bip\/wp-content\/uploads\/sites\/3\/2023\/08\/Zarzadzenie-Nr-3-regulamin.pdf\">Zarz\u0105dzenie Nr 3-2023<\/a><\/strong><\/p>\n<p><strong><a href=\"http:\/\/www.pm10jaslo.pl\/bip\/wp-content\/uploads\/sites\/3\/2023\/08\/ZARZADZENIE-NR-4-dyzur-wakacyjny.pdf\">Zarz\u0105dzenie Nr 4-2023<\/a><\/strong><\/p>\n<p><strong><a href=\"http:\/\/www.pm10jaslo.pl\/bip\/wp-content\/uploads\/sites\/3\/2023\/08\/Zarzadzenie-nr-5-programy.pdf\">Zarz\u0105dzenie Nr 5-2023<\/a><\/strong><\/p>\n<p><strong><a href=\"http:\/\/www.pm10jaslo.pl\/bip\/wp-content\/uploads\/sites\/3\/2024\/04\/ZARZADZENIE-NR-6-Innowacje-pedag..pdf\">Zarz\u0105dzenie Nr 6-2023<\/a><\/strong><\/p>\n<p><a href=\"http:\/\/www.pm10jaslo.pl\/bip\/wp-content\/uploads\/sites\/3\/2024\/04\/ZARZADZENIE-NR-7-wszawica.pdf\"><strong>Zarz\u0105dzenie Nr 7-2023<\/strong><\/a><\/p>\n<p><a href=\"http:\/\/www.pm10jaslo.pl\/bip\/wp-content\/uploads\/sites\/3\/2024\/04\/ZARZADZENIE-NR-8-spis-z-natury.pdf\"><strong>Zarz\u0105dzenie Nr 8-2023<\/strong><\/a><\/p>\n<p><strong><a href=\"http:\/\/www.pm10jaslo.pl\/bip\/wp-content\/uploads\/sites\/3\/2024\/04\/Zarzadzenie-Nr-9-ZFSS.pdf\">Zarz\u0105dzenie Nr 9- 2023<\/a><\/strong><\/p>\n\n\n<p><\/p>\n","protected":false},"excerpt":{"rendered":"<p>Zarz\u0105dzenie Nr 1-2023 Zarz\u0105dzenie Nr 2-2023 Zarz\u0105dzenie Nr 3-2023 Zarz\u0105dzenie Nr 4-2023 Zarz\u0105dzenie Nr 5-2023 Zarz\u0105dzenie Nr 6-2023 Zarz\u0105dzenie Nr 7-2023 Zarz\u0105dzenie Nr 8-2023 Zarz\u0105dzenie Nr 9- 2023<\/p>\n","protected":false},"author":1,"featured_media":0,"parent":0,"menu_order":0,"comment_status":"closed","ping_status":"closed","template":"","meta":{"footnotes":""},"class_list":["post-688","page","type-page","status-publish","hentry"],"_links":{"self":[{"href":"https:\/\/www.pm10jaslo.pl\/bip\/index.php?rest_route=\/wp\/v2\/pages\/688","targetHints":{"allow":["GET"]}}],"collection":[{"href":"https:\/\/www.pm10jaslo.pl\/bip\/index.php?rest_route=\/wp\/v2\/pages"}],"about":[{"href":"https:\/\/www.pm10jaslo.pl\/bip\/index.php?rest_route=\/wp\/v2\/types\/page"}],"author":[{"embeddable":true,"href":"https:\/\/www.pm10jaslo.pl\/bip\/index.php?rest_route=\/wp\/v2\/users\/1"}],"replies":[{"embeddable":true,"href":"https:\/\/www.pm10jaslo.pl\/bip\/index.php?rest_route=%2Fwp%2Fv2%2Fcomments&post=688"}],"version-history":[{"count":5,"href":"https:\/\/www.pm10jaslo.pl\/bip\/index.php?rest_route=\/wp\/v2\/pages\/688\/revisions"}],"predecessor-version":[{"id":706,"href":"https:\/\/www.pm10jaslo.pl\/bip\/index.php?rest_route=\/wp\/v2\/pages\/688\/revisions\/706"}],"wp:attachment":[{"href":"https:\/\/www.pm10jaslo.pl\/bip\/index.php?rest_route=%2Fwp%2Fv2%2Fmedia&parent=688"}],"curies":[{"name":"wp","href":"https:\/\/api.w.org\/{rel}","templated":true}]}}