{"id":589,"date":"2023-02-05T18:36:58","date_gmt":"2023-02-05T17:36:58","guid":{"rendered":"http:\/\/www.pm10jaslo.pl\/bip\/?page_id=589"},"modified":"2025-09-22T21:01:52","modified_gmt":"2025-09-22T19:01:52","slug":"struktura-wlasnosciowa-majatek","status":"publish","type":"page","link":"https:\/\/www.pm10jaslo.pl\/bip\/?page_id=589","title":{"rendered":"Struktura w\u0142asno\u015bciowa, maj\u0105tek"},"content":{"rendered":"<p>W\u0142a\u015bcicielem zabudowanej nieruchomo\u015bci na kt\u00f3rej znajduje si\u0119 Przedszkole Miejskie Nr 10 po\u0142o\u017conej w Ja\u015ble, przy ul. Ducala 3, oznaczonej jako dzia\u0142ka Nr 7 obr\u0119b \u2013 Po\u0142udnie o obszarze 2178 m2 jest Miasto Jas\u0142o.<\/p>\n<p>Nieruchomo\u015b\u0107 zabudowana jest budynkiem przedszkola \u00a0o powierzchni u\u017cytkowej\u00a0 793,70 m2<\/p>\n<p>Maj\u0105tek Przedszkola Miejskiego Nr 10 na stan 12.09.2024 r.<\/p>\n<ul>\n<li>budynek &#8211; 853 839, 52 PLN<\/li>\n<li>\u015brodki trwa\u0142e &#8211; 262 055, 78 PLN<\/li>\n<li>pozosta\u0142e wyposa\u017cenie &#8211; 50 295, 63 PLN<\/li>\n<\/ul>\n<p>&#8211; grunty<\/p>\n<p>&#8211; urz\u0105dzenia kuchenne<\/p>\n<p>&#8211; mienie pracownicze<\/p>\n<p>&#8211; zbiory biblioteczne<\/p>\n","protected":false},"excerpt":{"rendered":"<p>W\u0142a\u015bcicielem zabudowanej nieruchomo\u015bci na kt\u00f3rej znajduje si\u0119 Przedszkole Miejskie Nr 10 po\u0142o\u017conej w Ja\u015ble, przy ul. Ducala 3, oznaczonej jako dzia\u0142ka Nr 7 obr\u0119b \u2013 Po\u0142udnie o obszarze 2178 m2 jest Miasto Jas\u0142o. Nieruchomo\u015b\u0107 zabudowana jest budynkiem przedszkola \u00a0o powierzchni u\u017cytkowej\u00a0 793,70 m2 Maj\u0105tek Przedszkola Miejskiego Nr 10 na stan 12.09.2024 r. budynek &#8211; 853<\/p>\n<p class=\"text-right\"><span class=\"screen-reader-text\">Continue Reading&#8230; Struktura w\u0142asno\u015bciowa, maj\u0105tek<\/span><a class=\"btn btn-secondary continue-reading\" href=\"https:\/\/www.pm10jaslo.pl\/bip\/?page_id=589\">Continue Reading&#8230;<\/a><\/p>\n","protected":false},"author":1,"featured_media":0,"parent":0,"menu_order":0,"comment_status":"closed","ping_status":"closed","template":"","meta":{"footnotes":""},"class_list":["post-589","page","type-page","status-publish","hentry"],"_links":{"self":[{"href":"https:\/\/www.pm10jaslo.pl\/bip\/index.php?rest_route=\/wp\/v2\/pages\/589","targetHints":{"allow":["GET"]}}],"collection":[{"href":"https:\/\/www.pm10jaslo.pl\/bip\/index.php?rest_route=\/wp\/v2\/pages"}],"about":[{"href":"https:\/\/www.pm10jaslo.pl\/bip\/index.php?rest_route=\/wp\/v2\/types\/page"}],"author":[{"embeddable":true,"href":"https:\/\/www.pm10jaslo.pl\/bip\/index.php?rest_route=\/wp\/v2\/users\/1"}],"replies":[{"embeddable":true,"href":"https:\/\/www.pm10jaslo.pl\/bip\/index.php?rest_route=%2Fwp%2Fv2%2Fcomments&post=589"}],"version-history":[{"count":3,"href":"https:\/\/www.pm10jaslo.pl\/bip\/index.php?rest_route=\/wp\/v2\/pages\/589\/revisions"}],"predecessor-version":[{"id":872,"href":"https:\/\/www.pm10jaslo.pl\/bip\/index.php?rest_route=\/wp\/v2\/pages\/589\/revisions\/872"}],"wp:attachment":[{"href":"https:\/\/www.pm10jaslo.pl\/bip\/index.php?rest_route=%2Fwp%2Fv2%2Fmedia&parent=589"}],"curies":[{"name":"wp","href":"https:\/\/api.w.org\/{rel}","templated":true}]}}