{"id":518,"date":"2023-01-05T08:39:47","date_gmt":"2023-01-05T07:39:47","guid":{"rendered":"http:\/\/www.pm10jaslo.pl\/bip\/?page_id=518"},"modified":"2023-01-05T09:59:08","modified_gmt":"2023-01-05T08:59:08","slug":"uchwaly-2022","status":"publish","type":"page","link":"https:\/\/www.pm10jaslo.pl\/bip\/?page_id=518","title":{"rendered":"Uchwa\u0142y 2022"},"content":{"rendered":"<p><a href=\"http:\/\/www.pm10jaslo.pl\/bip\/wp-content\/uploads\/sites\/3\/2023\/01\/Uchwala-Nr-1-2022.pdf\" target=\"_blank\" rel=\"noopener\"><strong>Uchwa\u0142a Nr 1-2022<\/strong><\/a><\/p>\n<p><a href=\"http:\/\/www.pm10jaslo.pl\/bip\/wp-content\/uploads\/sites\/3\/2023\/01\/Uchwala-Nr-2-2022.pdf\" target=\"_blank\" rel=\"noopener\"><strong>Uchwa\u0142a Nr 2-2022<\/strong><\/a><\/p>\n<p><a href=\"http:\/\/www.pm10jaslo.pl\/bip\/wp-content\/uploads\/sites\/3\/2023\/01\/Uchwala-Nr-3-2022.pdf\" target=\"_blank\" rel=\"noopener\"><strong>Uchwa\u0142a Nr 3-2022<\/strong><\/a><\/p>\n<p><a href=\"http:\/\/www.pm10jaslo.pl\/bip\/wp-content\/uploads\/sites\/3\/2023\/01\/Uchwala-Nr-4-2022.pdf\" target=\"_blank\" rel=\"noopener\"><strong>Uchwa\u0142a Nr 4-2022<\/strong><\/a><\/p>\n<p><a href=\"http:\/\/www.pm10jaslo.pl\/bip\/wp-content\/uploads\/sites\/3\/2023\/01\/Uchwala-Nr-5-2022.pdf\" target=\"_blank\" rel=\"noopener\"><strong>Uchwa\u0142a Nr 5-2022<\/strong><\/a><\/p>\n<p><strong><a href=\"http:\/\/www.pm10jaslo.pl\/bip\/wp-content\/uploads\/sites\/3\/2023\/01\/Uchwala-Nr-6-2022.pdf\" target=\"_blank\" rel=\"noopener\">Uchwa\u0142a Nr 6-2022<\/a><\/strong><\/p>\n<p><strong><a href=\"http:\/\/www.pm10jaslo.pl\/bip\/wp-content\/uploads\/sites\/3\/2023\/01\/Uchwala-Nr-7-2022.pdf\" target=\"_blank\" rel=\"noopener\">Uchwa\u0142a Nr 7-2022<\/a><\/strong><\/p>\n<p><strong><a href=\"http:\/\/www.pm10jaslo.pl\/bip\/wp-content\/uploads\/sites\/3\/2023\/01\/Uchwala-Nr-8-2022.pdf\" target=\"_blank\" rel=\"noopener\">Uchwa\u0142a Nr 8-2022<\/a><\/strong><\/p>\n<p><strong><a href=\"http:\/\/www.pm10jaslo.pl\/bip\/wp-content\/uploads\/sites\/3\/2023\/01\/Uchwala-Nr-9-2022.pdf\" target=\"_blank\" rel=\"noopener\">Uchwa\u0142a Nr 9-2022<\/a><\/strong><\/p>\n<p><a href=\"http:\/\/www.pm10jaslo.pl\/bip\/wp-content\/uploads\/sites\/3\/2023\/01\/Uchwala-Nr-10-2022.pdf\" target=\"_blank\" rel=\"noopener\"><strong>Uchwa\u0142a Nr 10-2022<\/strong><\/a><\/p>\n<p><strong><a href=\"http:\/\/www.pm10jaslo.pl\/bip\/wp-content\/uploads\/sites\/3\/2023\/01\/Uchwala-Nr-11-2022.pdf\" target=\"_blank\" rel=\"noopener\">Uchwa\u0142a Nr 11-2022<\/a><\/strong><\/p>\n<p><a href=\"http:\/\/www.pm10jaslo.pl\/bip\/wp-content\/uploads\/sites\/3\/2023\/01\/Uchwala-Nr-12-2022.pdf\" target=\"_blank\" rel=\"noopener\"><strong>Uchwa\u0142a Nr 12-2022<\/strong><\/a><\/p>\n<p><a href=\"http:\/\/www.pm10jaslo.pl\/bip\/wp-content\/uploads\/sites\/3\/2023\/01\/Uchwala-Nr-13-2022.pdf\" target=\"_blank\" rel=\"noopener\"><strong>Uchwa\u0142a Nr 13-2022<\/strong><\/a><\/p>\n<p><a href=\"http:\/\/www.pm10jaslo.pl\/bip\/wp-content\/uploads\/sites\/3\/2023\/01\/Uchwala-Nr-14-2022.pdf\" target=\"_blank\" rel=\"noopener\"><strong>Uchwa\u0142a Nr 14-2022<\/strong><\/a><\/p>\n<p><a href=\"http:\/\/www.pm10jaslo.pl\/bip\/wp-content\/uploads\/sites\/3\/2023\/01\/Uchwala-Nr-15-2022.pdf\" target=\"_blank\" rel=\"noopener\"><strong>Uchwa\u0142a Nr 15-2022<\/strong><\/a><\/p>\n<p><a href=\"http:\/\/www.pm10jaslo.pl\/bip\/wp-content\/uploads\/sites\/3\/2023\/01\/Uchwala-Nr-16-2022.pdf\" target=\"_blank\" rel=\"noopener\"><strong>Uchwa\u0142a Nr 16-2022<\/strong><\/a><\/p>\n<p><a href=\"http:\/\/www.pm10jaslo.pl\/bip\/wp-content\/uploads\/sites\/3\/2023\/01\/Uchwala-Nr-17-2022.pdf\" target=\"_blank\" rel=\"noopener\"><strong>Uchwa\u0142a Nr 17-2022<\/strong><\/a><\/p>\n<p><a href=\"http:\/\/www.pm10jaslo.pl\/bip\/wp-content\/uploads\/sites\/3\/2023\/01\/Uchwala-Nr-18-2022.pdf\" target=\"_blank\" rel=\"noopener\"><strong>Uchwa\u0142a Nr 18-2022<\/strong><\/a><\/p>\n","protected":false},"excerpt":{"rendered":"<p>Uchwa\u0142a Nr 1-2022 Uchwa\u0142a Nr 2-2022 Uchwa\u0142a Nr 3-2022 Uchwa\u0142a Nr 4-2022 Uchwa\u0142a Nr 5-2022 Uchwa\u0142a Nr 6-2022 Uchwa\u0142a Nr 7-2022 Uchwa\u0142a Nr 8-2022 Uchwa\u0142a Nr 9-2022 Uchwa\u0142a Nr 10-2022 Uchwa\u0142a Nr 11-2022 Uchwa\u0142a Nr 12-2022 Uchwa\u0142a Nr 13-2022 Uchwa\u0142a Nr 14-2022 Uchwa\u0142a Nr 15-2022 Uchwa\u0142a Nr 16-2022 Uchwa\u0142a Nr 17-2022 Uchwa\u0142a Nr 18-2022<\/p>\n","protected":false},"author":1,"featured_media":0,"parent":0,"menu_order":0,"comment_status":"closed","ping_status":"closed","template":"","meta":{"footnotes":""},"class_list":["post-518","page","type-page","status-publish","hentry"],"_links":{"self":[{"href":"https:\/\/www.pm10jaslo.pl\/bip\/index.php?rest_route=\/wp\/v2\/pages\/518","targetHints":{"allow":["GET"]}}],"collection":[{"href":"https:\/\/www.pm10jaslo.pl\/bip\/index.php?rest_route=\/wp\/v2\/pages"}],"about":[{"href":"https:\/\/www.pm10jaslo.pl\/bip\/index.php?rest_route=\/wp\/v2\/types\/page"}],"author":[{"embeddable":true,"href":"https:\/\/www.pm10jaslo.pl\/bip\/index.php?rest_route=\/wp\/v2\/users\/1"}],"replies":[{"embeddable":true,"href":"https:\/\/www.pm10jaslo.pl\/bip\/index.php?rest_route=%2Fwp%2Fv2%2Fcomments&post=518"}],"version-history":[{"count":3,"href":"https:\/\/www.pm10jaslo.pl\/bip\/index.php?rest_route=\/wp\/v2\/pages\/518\/revisions"}],"predecessor-version":[{"id":543,"href":"https:\/\/www.pm10jaslo.pl\/bip\/index.php?rest_route=\/wp\/v2\/pages\/518\/revisions\/543"}],"wp:attachment":[{"href":"https:\/\/www.pm10jaslo.pl\/bip\/index.php?rest_route=%2Fwp%2Fv2%2Fmedia&parent=518"}],"curies":[{"name":"wp","href":"https:\/\/api.w.org\/{rel}","templated":true}]}}