{"id":333,"date":"2021-01-25T20:03:26","date_gmt":"2021-01-25T19:03:26","guid":{"rendered":"http:\/\/www.pm10jaslo.pl\/bip\/?page_id=333"},"modified":"2021-01-25T20:07:00","modified_gmt":"2021-01-25T19:07:00","slug":"zarzadzenia-2020","status":"publish","type":"page","link":"https:\/\/www.pm10jaslo.pl\/bip\/?page_id=333","title":{"rendered":"Zarz\u0105dzenia 2020"},"content":{"rendered":"<p><strong><a href=\"http:\/\/www.pm10jaslo.pl\/bip\/wp-content\/uploads\/sites\/3\/2020\/05\/Zarz\u0105dzenie-1-2020.pdf\" target=\"_blank\" rel=\"noopener noreferrer\">Zarz\u0105dzenie 1-2020<\/a><\/strong><\/p>\n<p><strong><a href=\"http:\/\/www.pm10jaslo.pl\/bip\/wp-content\/uploads\/sites\/3\/2020\/05\/Zarz\u0105dzenie-2-2020.pdf\" target=\"_blank\" rel=\"noopener noreferrer\">Zarz\u0105dzenie 2-2020<\/a><\/strong><\/p>\n<p><strong><a href=\"http:\/\/www.pm10jaslo.pl\/bip\/wp-content\/uploads\/sites\/3\/2020\/05\/Zarz\u0105dzenie-3-2020.pdf\" target=\"_blank\" rel=\"noopener noreferrer\">Zarz\u0105dzenie 3-2020<\/a><\/strong><\/p>\n<p><strong><a href=\"http:\/\/www.pm10jaslo.pl\/bip\/wp-content\/uploads\/sites\/3\/2020\/05\/Zarz\u0105dzenie-4-2020.pdf\" target=\"_blank\" rel=\"noopener noreferrer\">Zarz\u0105dzenie 4-2020<\/a><\/strong><\/p>\n<p><strong><a href=\"http:\/\/www.pm10jaslo.pl\/bip\/wp-content\/uploads\/sites\/3\/2020\/05\/Zarz\u0105dzenie-5-2020.pdf\" target=\"_blank\" rel=\"noopener noreferrer\">Zarz\u0105dzenie 5-2020<\/a><\/strong><\/p>\n<p><a href=\"http:\/\/www.pm10jaslo.pl\/bip\/wp-content\/uploads\/sites\/3\/2020\/05\/Zarz\u0105dzenie-6-2020.pdf\" target=\"_blank\" rel=\"noopener noreferrer\"><strong>Zarz\u0105dzenie 6-2020<\/strong><\/a><\/p>\n<p><a href=\"http:\/\/www.pm10jaslo.pl\/bip\/wp-content\/uploads\/sites\/3\/2020\/08\/Zarz\u0105dzenie-7-2020.pdf\" target=\"_blank\" rel=\"noopener noreferrer\"><strong>Zarz\u0105dzenie 7-2020<\/strong><\/a><\/p>\n<p><strong><a href=\"http:\/\/www.pm10jaslo.pl\/bip\/wp-content\/uploads\/sites\/3\/2020\/08\/Zarz\u0105dzenie-8-2020.pdf\" target=\"_blank\" rel=\"noopener noreferrer\">Zarz\u0105dzenie 8-2020<\/a><\/strong><\/p>\n<p><a href=\"http:\/\/www.pm10jaslo.pl\/bip\/wp-content\/uploads\/sites\/3\/2020\/09\/Zarz\u0105dzenie-9-2020.pdf\" target=\"_blank\" rel=\"noopener noreferrer\"><strong>Zarz\u0105dzenie 9-2020<\/strong><\/a><\/p>\n<p><a href=\"http:\/\/www.pm10jaslo.pl\/bip\/wp-content\/uploads\/sites\/3\/2020\/09\/Zarz\u0105dzenie-10-2020.pdf\" target=\"_blank\" rel=\"noopener noreferrer\"><strong>Zarz\u0105dzenie 10-2020<\/strong><\/a><\/p>\n<p><a href=\"http:\/\/www.pm10jaslo.pl\/bip\/wp-content\/uploads\/sites\/3\/2020\/09\/Zarz\u0105dzenie-11-2020.pdf\" target=\"_blank\" rel=\"noopener noreferrer\"><strong>Zarz\u0105dzenie 11-2020<\/strong><\/a><\/p>\n<p><a href=\"http:\/\/www.pm10jaslo.pl\/bip\/wp-content\/uploads\/sites\/3\/2021\/01\/Zarz\u0105dzenie-12-2020.pdf\" target=\"_blank\" rel=\"noopener noreferrer\"><strong>Zarz\u0105dzenie 12-2020<\/strong><\/a><\/p>\n<p><a href=\"http:\/\/www.pm10jaslo.pl\/bip\/wp-content\/uploads\/sites\/3\/2021\/01\/Zarz\u0105dzenie-13-2020.pdf\" target=\"_blank\" rel=\"noopener noreferrer\"><strong>Zarz\u0105dzenie 13-2020<\/strong><\/a><\/p>\n<p><a href=\"http:\/\/www.pm10jaslo.pl\/bip\/wp-content\/uploads\/sites\/3\/2021\/01\/Zarz\u0105dzenie-14-2020.pdf\" target=\"_blank\" rel=\"noopener noreferrer\"><strong>Zarz\u0105dzenie 14-2020<\/strong><\/a><\/p>\n","protected":false},"excerpt":{"rendered":"<p>Zarz\u0105dzenie 1-2020 Zarz\u0105dzenie 2-2020 Zarz\u0105dzenie 3-2020 Zarz\u0105dzenie 4-2020 Zarz\u0105dzenie 5-2020 Zarz\u0105dzenie 6-2020 Zarz\u0105dzenie 7-2020 Zarz\u0105dzenie 8-2020 Zarz\u0105dzenie 9-2020 Zarz\u0105dzenie 10-2020 Zarz\u0105dzenie 11-2020 Zarz\u0105dzenie 12-2020 Zarz\u0105dzenie 13-2020 Zarz\u0105dzenie 14-2020<\/p>\n","protected":false},"author":1,"featured_media":0,"parent":0,"menu_order":0,"comment_status":"closed","ping_status":"closed","template":"","meta":{"footnotes":""},"class_list":["post-333","page","type-page","status-publish","hentry"],"_links":{"self":[{"href":"https:\/\/www.pm10jaslo.pl\/bip\/index.php?rest_route=\/wp\/v2\/pages\/333","targetHints":{"allow":["GET"]}}],"collection":[{"href":"https:\/\/www.pm10jaslo.pl\/bip\/index.php?rest_route=\/wp\/v2\/pages"}],"about":[{"href":"https:\/\/www.pm10jaslo.pl\/bip\/index.php?rest_route=\/wp\/v2\/types\/page"}],"author":[{"embeddable":true,"href":"https:\/\/www.pm10jaslo.pl\/bip\/index.php?rest_route=\/wp\/v2\/users\/1"}],"replies":[{"embeddable":true,"href":"https:\/\/www.pm10jaslo.pl\/bip\/index.php?rest_route=%2Fwp%2Fv2%2Fcomments&post=333"}],"version-history":[{"count":2,"href":"https:\/\/www.pm10jaslo.pl\/bip\/index.php?rest_route=\/wp\/v2\/pages\/333\/revisions"}],"predecessor-version":[{"id":341,"href":"https:\/\/www.pm10jaslo.pl\/bip\/index.php?rest_route=\/wp\/v2\/pages\/333\/revisions\/341"}],"wp:attachment":[{"href":"https:\/\/www.pm10jaslo.pl\/bip\/index.php?rest_route=%2Fwp%2Fv2%2Fmedia&parent=333"}],"curies":[{"name":"wp","href":"https:\/\/api.w.org\/{rel}","templated":true}]}}