{"id":180,"date":"2020-05-11T18:27:48","date_gmt":"2020-05-11T16:27:48","guid":{"rendered":"http:\/\/www.pm10jaslo.pl\/bip\/?page_id=180"},"modified":"2023-08-31T19:28:57","modified_gmt":"2023-08-31T17:28:57","slug":"kontrola-zarzadcza","status":"publish","type":"page","link":"https:\/\/www.pm10jaslo.pl\/bip\/?page_id=180","title":{"rendered":"Kontrola zarz\u0105dcza"},"content":{"rendered":"<hr \/>\n<p><strong><a href=\"http:\/\/www.pm10jaslo.pl\/bip\/wp-content\/uploads\/sites\/3\/2021\/01\/O\u015bwiadczenie-o-stanie-kontroli-zarz\u0105dzczej-z-2020-r..pdf\" target=\"_blank\" rel=\"noopener noreferrer\">O\u015bwiadczenie o stanie kontroli zarz\u0105dczej za 2020 r.<\/a><\/strong><\/p>\n<p><a href=\"http:\/\/www.pm10jaslo.pl\/bip\/wp-content\/uploads\/sites\/3\/2022\/04\/Oswiadczenie-o-stanie-kontroli-zarzadczej-za-2021-r..pdf\" target=\"_blank\" rel=\"noopener\"><strong>O\u015bwiadczenie o stanie kontroli zarz\u0105dczej za 2021 r.<\/strong><\/a><\/p>\n<p><strong><a href=\"http:\/\/www.pm10jaslo.pl\/bip\/wp-content\/uploads\/sites\/3\/2023\/08\/Oswiadczenie-o-stanie-kontroli-zarzadczej-PDF.pdf\" data-wplink-edit=\"true\">O\u015bwiadczenie o stanie kontroli zarz\u0105dczej za 2022 r.<\/a><\/strong><\/p>\n","protected":false},"excerpt":{"rendered":"<p>O\u015bwiadczenie o stanie kontroli zarz\u0105dczej za 2020 r. O\u015bwiadczenie o stanie kontroli zarz\u0105dczej za 2021 r. O\u015bwiadczenie o stanie kontroli zarz\u0105dczej za 2022 r.<\/p>\n","protected":false},"author":1,"featured_media":0,"parent":0,"menu_order":0,"comment_status":"closed","ping_status":"closed","template":"","meta":{"footnotes":""},"class_list":["post-180","page","type-page","status-publish","hentry"],"_links":{"self":[{"href":"https:\/\/www.pm10jaslo.pl\/bip\/index.php?rest_route=\/wp\/v2\/pages\/180","targetHints":{"allow":["GET"]}}],"collection":[{"href":"https:\/\/www.pm10jaslo.pl\/bip\/index.php?rest_route=\/wp\/v2\/pages"}],"about":[{"href":"https:\/\/www.pm10jaslo.pl\/bip\/index.php?rest_route=\/wp\/v2\/types\/page"}],"author":[{"embeddable":true,"href":"https:\/\/www.pm10jaslo.pl\/bip\/index.php?rest_route=\/wp\/v2\/users\/1"}],"replies":[{"embeddable":true,"href":"https:\/\/www.pm10jaslo.pl\/bip\/index.php?rest_route=%2Fwp%2Fv2%2Fcomments&post=180"}],"version-history":[{"count":8,"href":"https:\/\/www.pm10jaslo.pl\/bip\/index.php?rest_route=\/wp\/v2\/pages\/180\/revisions"}],"predecessor-version":[{"id":672,"href":"https:\/\/www.pm10jaslo.pl\/bip\/index.php?rest_route=\/wp\/v2\/pages\/180\/revisions\/672"}],"wp:attachment":[{"href":"https:\/\/www.pm10jaslo.pl\/bip\/index.php?rest_route=%2Fwp%2Fv2%2Fmedia&parent=180"}],"curies":[{"name":"wp","href":"https:\/\/api.w.org\/{rel}","templated":true}]}}